CRAN Package Check Results for Package RSiena

Last updated on 2020-07-06 01:54:16 CEST.

Flavor Version Tinstall Tcheck Ttotal Status Flags
r-devel-linux-x86_64-debian-clang 1.2-23 274.96 258.65 533.61 OK
r-devel-linux-x86_64-debian-gcc 1.2-23 221.02 194.06 415.08 OK
r-devel-linux-x86_64-fedora-clang 1.2-23 829.85 NOTE
r-devel-linux-x86_64-fedora-gcc 1.2-23 669.82 OK
r-devel-windows-ix86+x86_64 1.2-23 758.00 406.00 1164.00 NOTE
r-patched-linux-x86_64 1.2-23 228.31 257.35 485.66 OK
r-patched-solaris-x86 1.2-23 1121.70 NOTE
r-release-linux-x86_64 1.2-23 233.61 256.25 489.86 OK
r-release-osx-x86_64 1.2-23 NOTE
r-release-windows-ix86+x86_64 1.2-23 590.00 294.00 884.00 NOTE
r-oldrel-osx-x86_64 1.2-23 WARN
r-oldrel-windows-ix86+x86_64 1.2-23 596.00 386.00 982.00 NOTE

Additional issues

rchk valgrind

Check Details

Version: 1.2-23
Check: installed package size
Result: NOTE
     installed size is 16.8Mb
     sub-directories of 1Mb or more:
     libs 15.0Mb
Flavors: r-devel-linux-x86_64-fedora-clang, r-devel-windows-ix86+x86_64, r-patched-solaris-x86, r-release-osx-x86_64, r-release-windows-ix86+x86_64, r-oldrel-osx-x86_64, r-oldrel-windows-ix86+x86_64

Version: 1.2-23
Check: dependencies in R code
Result: NOTE
    No protocol specified
    No protocol specified
Flavor: r-oldrel-osx-x86_64

Version: 1.2-23
Check: S3 generic/method consistency
Result: WARN
    No protocol specified
    No protocol specified
    See section ‘Generic functions and methods’ in the ‘Writing R
    Extensions’ manual.
Flavor: r-oldrel-osx-x86_64

Version: 1.2-23
Check: replacement functions
Result: WARN
    No protocol specified
    No protocol specified
    The argument of a replacement function which corresponds to the right
    hand side must be named ‘value’.
Flavor: r-oldrel-osx-x86_64

Version: 1.2-23
Check: foreign function calls
Result: NOTE
    No protocol specified
    No protocol specified
    See chapter ‘System and foreign language interfaces’ in the ‘Writing R
    Extensions’ manual.
Flavor: r-oldrel-osx-x86_64

Version: 1.2-23
Check: R code for possible problems
Result: NOTE
    No protocol specified
    No protocol specified
Flavor: r-oldrel-osx-x86_64

Version: 1.2-23
Check: for missing documentation entries
Result: WARN
    No protocol specified
    No protocol specified
    All user-level objects in a package should have documentation entries.
    See chapter ‘Writing R documentation files’ in the ‘Writing R
    Extensions’ manual.
Flavor: r-oldrel-osx-x86_64

Version: 1.2-23
Check: for code/documentation mismatches
Result: WARN
    No protocol specified
    No protocol specified
    No protocol specified
    No protocol specified
    No protocol specified
    No protocol specified
Flavor: r-oldrel-osx-x86_64

Version: 1.2-23
Check: Rd \usage sections
Result: NOTE
    No protocol specified
    No protocol specified
    The \usage entries for S3 methods should use the \method markup and not
    their full name.
    See chapter ‘Writing R documentation files’ in the ‘Writing R
    Extensions’ manual.
Flavor: r-oldrel-osx-x86_64