CRAN Package Check Results for Package RStoolbox

Last updated on 2019-12-07 00:53:47 CET.

Flavor Version Tinstall Tcheck Ttotal Status Flags
r-devel-linux-x86_64-debian-clang 0.2.6 138.92 383.97 522.89 OK
r-devel-linux-x86_64-debian-gcc 0.2.6 92.43 285.65 378.08 OK
r-devel-linux-x86_64-fedora-clang 0.2.6 609.16 NOTE
r-devel-linux-x86_64-fedora-gcc 0.2.6 610.14 OK
r-devel-windows-ix86+x86_64 0.2.6 260.00 667.00 927.00 OK
r-devel-windows-ix86+x86_64-gcc8 0.2.6 287.00 578.00 865.00 OK
r-patched-linux-x86_64 0.2.6 101.38 342.16 443.54 OK
r-patched-solaris-x86 0.2.6 753.80 OK
r-release-linux-x86_64 0.2.6 98.12 340.31 438.43 OK
r-release-windows-ix86+x86_64 0.2.6 199.00 559.00 758.00 OK
r-release-osx-x86_64 0.2.6 OK
r-oldrel-windows-ix86+x86_64 0.2.6 200.00 831.00 1031.00 OK
r-oldrel-osx-x86_64 0.2.6 OK

Check Details

Version: 0.2.6
Check: installed package size
Result: NOTE
     installed size is 5.4Mb
     sub-directories of 1Mb or more:
     libs 4.0Mb
Flavor: r-devel-linux-x86_64-fedora-clang