CRAN Package Check Results for Package RStoolbox

Last updated on 2020-07-03 01:49:13 CEST.

Flavor Version Tinstall Tcheck Ttotal Status Flags
r-devel-linux-x86_64-debian-clang 0.2.6 148.06 387.18 535.24 OK
r-devel-linux-x86_64-debian-gcc 0.2.6 108.31 287.01 395.32 OK
r-devel-linux-x86_64-fedora-clang 0.2.6 680.33 NOTE
r-devel-linux-x86_64-fedora-gcc 0.2.6 632.90 OK
r-devel-windows-ix86+x86_64 0.2.6 372.00 804.00 1176.00 OK
r-patched-linux-x86_64 0.2.6 109.82 367.46 477.28 OK
r-patched-solaris-x86 0.2.6 761.80 OK
r-release-linux-x86_64 0.2.6 116.79 367.56 484.35 OK
r-release-osx-x86_64 0.2.6 NOTE
r-release-windows-ix86+x86_64 0.2.6 260.00 601.00 861.00 OK
r-oldrel-osx-x86_64 0.2.6 OK
r-oldrel-windows-ix86+x86_64 0.2.6 393.00 747.00 1140.00 OK

Check Details

Version: 0.2.6
Check: installed package size
Result: NOTE
     installed size is 6.2Mb
     sub-directories of 1Mb or more:
     libs 4.7Mb
Flavors: r-devel-linux-x86_64-fedora-clang, r-release-osx-x86_64