CRAN Package Check Results for Package RSuite

Last updated on 2020-03-29 00:47:32 CET.

Flavor Version Tinstall Tcheck Ttotal Status Flags
r-devel-linux-x86_64-debian-clang 0.37-253 OK
r-devel-linux-x86_64-debian-gcc 0.37-253 13.87 163.80 177.67 OK
r-devel-linux-x86_64-fedora-clang 0.37-253 310.70 OK
r-devel-linux-x86_64-fedora-gcc 0.37-253 1394.78 OK
r-devel-windows-ix86+x86_64 0.37-253 33.00 738.00 771.00 OK
r-devel-windows-ix86+x86_64-gcc8 0.37-253 31.00 745.00 776.00 OK
r-patched-linux-x86_64 0.37-253 15.86 208.75 224.61 OK
r-patched-solaris-x86 0.37-253 198.00 ERROR
r-release-linux-x86_64 0.37-253 14.33 191.26 205.59 OK
r-release-windows-ix86+x86_64 0.37-253 43.00 750.00 793.00 OK
r-release-osx-x86_64 0.37-253 OK
r-oldrel-windows-ix86+x86_64 0.37-253 43.00 613.00 656.00 OK
r-oldrel-osx-x86_64 0.37-253 OK

Check Details

Version: 0.37-253
Check: examples
Result: ERROR
    Running examples in ‘RSuite-Ex.R’ failed
    The error most likely occurred in:
    
    > ### Name: prj_pack
    > ### Title: Prepares project source pack tagged with version.
    > ### Aliases: prj_pack
    >
    > ### ** Examples
    >
    > # create exemplary project base folder
    > prj_base <- tempfile("example_")
    > dir.create(prj_base, recursive = TRUE, showWarnings = FALSE)
    >
    > # start project
    > prj <- prj_start("my_project", skip_rc = TRUE, path = prj_base)
    2020-03-23 23:53:51 INFO:rsuite:Project my_project has structure compliant with current version of RSuite(v0.37.253).
    2020-03-23 23:53:51 INFO:rsuite:Project my_project started.
    >
    > # create package in the project
    > prj_start_package("mypackage", prj = prj, skip_rc = TRUE)
    2020-03-23 23:53:51 INFO:rsuite:Package mypackage started in project my_project.
    >
    > # build project source pack
    > pack_fpath <- prj_pack(prj = prj, path = tempdir(), pack_ver = "1.0")
    2020-03-23 23:53:51 WARNING:rsuite:Project environment is not locked!
    2020-03-23 23:53:51 INFO:rsuite:Exporting project from /tmp/RtmpJraycV/working_dir/RtmpFraWTe/example_96e476c3f7f/my_project ...
    2020-03-23 23:53:51 INFO:rsuite:Exporting project from /tmp/RtmpJraycV/working_dir/RtmpFraWTe/example_96e476c3f7f/my_project ... done
    2020-03-23 23:53:52 WARNING:rsuite:Zip building aborted for /tmp/RtmpJraycV/working_dir/RtmpFraWTe/prjpack_my_project_1.0x.zip
    2020-03-23 23:53:52 ERROR:rsuite:Failed to create pack file (zip returned non 0 return status).
    Error: Failed to create pack file (zip returned non 0 return status).
    Execution halted
Flavor: r-patched-solaris-x86