CRAN Package Check Results for Package RTL

Last updated on 2020-08-15 02:11:09 CEST.

Flavor Version Tinstall Tcheck Ttotal Status Flags
r-devel-linux-x86_64-debian-clang 0.1.3 7.71 63.91 71.62 OK
r-devel-linux-x86_64-debian-gcc 0.1.3 6.71 49.46 56.17 OK
r-devel-linux-x86_64-fedora-clang 0.1.3 93.64 NOTE
r-devel-linux-x86_64-fedora-gcc 0.1.3 83.07 NOTE
r-devel-windows-ix86+x86_64 0.1.3 27.00 109.00 136.00 OK
r-patched-linux-x86_64 0.1.3 7.04 63.09 70.13 OK
r-patched-solaris-x86 0.1.3 141.70 NOTE
r-release-linux-x86_64 0.1.3 6.46 62.61 69.07 OK
r-release-macos-x86_64 0.1.3 NOTE
r-release-windows-ix86+x86_64 0.1.3 24.00 86.00 110.00 OK
r-oldrel-macos-x86_64 0.1.3 ERROR
r-oldrel-windows-ix86+x86_64 0.1.1 25.00 116.00 141.00 OK

Check Details

Version: 0.1.3
Check: package dependencies
Result: NOTE
    Imports includes 27 non-default packages.
    Importing from so many packages makes the package vulnerable to any of
    them becoming unavailable. Move as many as possible to Suggests and
    use conditionally.
Flavor: r-devel-linux-x86_64-fedora-clang

Version: 0.1.3
Check: dependencies in R code
Result: NOTE
    Namespaces in Imports field not imported from:
     ‘quantmod’ ‘sp’ ‘timetk’
     All declared Imports should be used.
Flavors: r-devel-linux-x86_64-fedora-clang, r-devel-linux-x86_64-fedora-gcc, r-patched-solaris-x86, r-release-macos-x86_64

Version: 0.1.3
Check: data for non-ASCII characters
Result: NOTE
     Note: found 17315 marked UTF-8 strings
Flavors: r-devel-linux-x86_64-fedora-clang, r-devel-linux-x86_64-fedora-gcc, r-patched-solaris-x86, r-release-macos-x86_64

Version: 0.1.3
Check: whether package can be installed
Result: ERROR
    Installation failed.
Flavor: r-oldrel-macos-x86_64