CRAN Package Check Results for Package RVA

Last updated on 2021-08-03 01:50:47 CEST.

Flavor Version Tinstall Tcheck Ttotal Status Flags
r-devel-linux-x86_64-debian-clang 0.0.4 44.43 445.85 490.28 OK
r-devel-linux-x86_64-debian-gcc 0.0.4 37.17 339.24 376.41 OK
r-devel-linux-x86_64-fedora-clang 0.0.4 622.34 NOTE
r-devel-linux-x86_64-fedora-gcc 0.0.4 604.37 NOTE
r-devel-windows-x86_64 0.0.4 70.00 503.00 573.00 OK
r-devel-windows-x86_64-gcc10-UCRT 0.0.4 NOTE
r-patched-linux-x86_64 0.0.4 OK
r-patched-solaris-x86 0.0.4 5.60 ERROR
r-release-linux-x86_64 0.0.4 40.45 422.49 462.94 OK
r-release-macos-arm64 0.0.4 ERROR
r-release-macos-x86_64 0.0.4 ERROR
r-release-windows-ix86+x86_64 0.0.4 97.00 489.00 586.00 OK
r-oldrel-macos-x86_64 0.0.4 ERROR
r-oldrel-windows-ix86+x86_64 0.0.4 88.00 447.00 535.00 OK

Check Details

Version: 0.0.4
Check: package dependencies
Result: NOTE
    Imports includes 22 non-default packages.
    Importing from so many packages makes the package vulnerable to any of
    them becoming unavailable. Move as many as possible to Suggests and
    use conditionally.
Flavor: r-devel-linux-x86_64-fedora-clang

Version: 0.0.4
Check: dependencies in R code
Result: NOTE
    Namespace in Imports field not imported from: ‘XML’
     All declared Imports should be used.
Flavors: r-devel-linux-x86_64-fedora-clang, r-devel-linux-x86_64-fedora-gcc, r-devel-windows-x86_64-gcc10-UCRT

Version: 0.0.4
Check: package dependencies
Result: ERROR
    Package required but not available: ‘haven’
    
    See section ‘The DESCRIPTION file’ in the ‘Writing R Extensions’
    manual.
Flavor: r-patched-solaris-x86

Version: 0.0.4
Check: package dependencies
Result: ERROR
    Packages required but not available:
     'GSVAdata', 'clusterProfiler', 'edgeR', 'org.Hs.eg.db', 'GSEABase',
     'rWikiPathways'
    
    See section ‘The DESCRIPTION file’ in the ‘Writing R Extensions’
    manual.
Flavor: r-release-macos-arm64

Version: 0.0.4
Check: package dependencies
Result: ERROR
    Packages required but not available:
     'GSVAdata', 'clusterProfiler', 'org.Hs.eg.db', 'rWikiPathways'
    
    See section ‘The DESCRIPTION file’ in the ‘Writing R Extensions’
    manual.
Flavor: r-release-macos-x86_64

Version: 0.0.4
Check: package dependencies
Result: ERROR
    Packages required but not available:
     'GSVAdata', 'clusterProfiler', 'rWikiPathways'
    
    See section ‘The DESCRIPTION file’ in the ‘Writing R Extensions’
    manual.
Flavor: r-oldrel-macos-x86_64