CRAN Package Check Results for Package RZigZag

Last updated on 2023-01-28 01:50:21 CET.

Flavor Version Tinstall Tcheck Ttotal Status Flags
r-devel-linux-x86_64-debian-clang 0.2.1 106.53 28.51 135.04 OK
r-devel-linux-x86_64-debian-gcc 0.2.1 82.29 24.38 106.67 OK
r-devel-linux-x86_64-fedora-clang 0.2.1 198.94 OK
r-devel-linux-x86_64-fedora-gcc 0.2.1 185.34 OK
r-devel-windows-x86_64 0.2.1 81.00 83.00 164.00 OK
r-patched-linux-x86_64 0.2.1 72.31 29.42 101.73 OK
r-release-linux-x86_64 0.2.1 82.63 29.01 111.64 OK
r-release-macos-arm64 0.2.1 48.00 NOTE
r-release-macos-x86_64 0.2.1 60.00 NOTE
r-release-windows-x86_64 0.2.1 81.00 78.00 159.00 OK
r-oldrel-macos-arm64 0.2.1 54.00 NOTE
r-oldrel-macos-x86_64 0.2.1 85.00 NOTE
r-oldrel-windows-ix86+x86_64 0.2.1 249.00 89.00 338.00 OK

Check Details

Version: 0.2.1
Check: installed package size
Result: NOTE
     installed size is 16.1Mb
     sub-directories of 1Mb or more:
     libs 16.0Mb
Flavors: r-release-macos-arm64, r-release-macos-x86_64, r-oldrel-macos-arm64, r-oldrel-macos-x86_64