Last updated on 2023-06-09 07:55:58 CEST.
Flavor | Version | Tinstall | Tcheck | Ttotal | Status | Flags |
---|---|---|---|---|---|---|
r-devel-linux-x86_64-debian-clang | 0.2.1 | 117.64 | 28.80 | 146.44 | OK | |
r-devel-linux-x86_64-debian-gcc | 0.2.1 | 81.82 | 24.49 | 106.31 | OK | |
r-devel-linux-x86_64-fedora-clang | 0.2.1 | 205.22 | OK | |||
r-devel-linux-x86_64-fedora-gcc | 0.2.1 | 207.57 | OK | |||
r-devel-windows-x86_64 | 0.2.1 | 85.00 | 69.00 | 154.00 | OK | |
r-patched-linux-x86_64 | 0.2.1 | 92.11 | 30.58 | 122.69 | OK | |
r-release-linux-x86_64 | 0.2.1 | 88.28 | 30.37 | 118.65 | OK | |
r-release-macos-arm64 | 0.2.1 | 65.00 | NOTE | |||
r-release-macos-x86_64 | 0.2.1 | 84.00 | NOTE | |||
r-release-windows-x86_64 | 0.2.1 | 106.00 | 77.00 | 183.00 | OK | |
r-oldrel-macos-arm64 | 0.2.1 | 48.00 | NOTE | |||
r-oldrel-macos-x86_64 | 0.2.1 | 60.00 | NOTE | |||
r-oldrel-windows-x86_64 | 0.2.1 | 95.00 | 73.00 | 168.00 | OK |
Version: 0.2.1
Check: installed package size
Result: NOTE
installed size is 16.1Mb
sub-directories of 1Mb or more:
libs 16.0Mb
Flavors: r-release-macos-arm64, r-release-macos-x86_64, r-oldrel-macos-arm64, r-oldrel-macos-x86_64