CRAN Package Check Results for Package RaPKod

Last updated on 2020-07-11 02:09:31 CEST.

Flavor Version Tinstall Tcheck Ttotal Status Flags
r-devel-linux-x86_64-debian-clang 0.9 31.79 42.07 73.86 NOTE
r-devel-linux-x86_64-debian-gcc 0.9 24.77 32.55 57.32 NOTE
r-devel-linux-x86_64-fedora-clang 0.9 106.41 NOTE
r-devel-linux-x86_64-fedora-gcc 0.9 94.47 NOTE
r-devel-windows-ix86+x86_64 0.9 90.00 108.00 198.00 OK
r-patched-linux-x86_64 0.9 26.58 41.85 68.43 NOTE
r-patched-solaris-x86 0.9 111.90 OK
r-release-linux-x86_64 0.9 27.00 41.30 68.30 NOTE
r-release-osx-x86_64 0.9 OK
r-release-windows-ix86+x86_64 0.9 63.00 86.00 149.00 OK
r-oldrel-osx-x86_64 0.9 OK
r-oldrel-windows-ix86+x86_64 0.9 75.00 101.00 176.00 OK

Check Details

Version: 0.9
Check: use of SHLIB_OPENMP_*FLAGS in Makefiles
Result: NOTE
     src/Makevars: SHLIB_OPENMP_CXXFLAGS is included in PKG_CXXFLAGS but not in PKG_LIBS
     src/Makevars: SHLIB_OPENMP_CFLAGS is included in PKG_LIBS but linking is by C++
     src/Makevars.win: SHLIB_OPENMP_CXXFLAGS is included in PKG_CXXFLAGS but not in PKG_LIBS
     src/Makevars.win: SHLIB_OPENMP_CFLAGS is included in PKG_LIBS but linking is by C++
    Use of these macros is discussed in sect 1.2.1.1 of 'Writing R
    Extensions'. The macros for different languages may differ so the
    matching macro must be used in PKG_CXXFLAGS (etc) and match that used
    in PKG_LIBS (except for Fortran: see the manual).
Flavors: r-devel-linux-x86_64-debian-clang, r-devel-linux-x86_64-debian-gcc, r-devel-linux-x86_64-fedora-clang, r-devel-linux-x86_64-fedora-gcc, r-patched-linux-x86_64, r-release-linux-x86_64