CRAN Package Check Results for Package RaSEn

Last updated on 2021-06-22 01:49:27 CEST.

Flavor Version Tinstall Tcheck Ttotal Status Flags
r-devel-linux-x86_64-debian-clang 2.1.0 21.98 245.87 267.85 OK
r-devel-linux-x86_64-debian-gcc 2.1.0 17.92 179.38 197.30 OK
r-devel-linux-x86_64-fedora-clang 2.1.0 321.99 NOTE
r-devel-linux-x86_64-fedora-gcc 2.1.0 309.76 OK
r-devel-windows-x86_64 2.1.0 32.00 276.00 308.00 OK
r-devel-windows-x86_64-gcc10-UCRT 2.1.0 OK
r-patched-linux-x86_64 2.1.0 19.79 230.89 250.68 OK
r-patched-solaris-x86 2.1.0 416.10 OK
r-release-linux-x86_64 2.1.0 20.74 227.93 248.67 OK
r-release-macos-arm64 2.1.0 OK
r-release-macos-x86_64 2.1.0 OK
r-release-windows-ix86+x86_64 2.1.0 44.00 297.00 341.00 OK
r-oldrel-macos-x86_64 2.1.0 OK

Check Details

Version: 2.1.0
Check: Rd cross-references
Result: NOTE
    Undeclared package ‘glmnet’ in Rd xrefs
Flavor: r-devel-linux-x86_64-fedora-clang