CRAN Package Check Results for Package Racmacs

Last updated on 2024-02-26 08:48:54 CET.

Flavor Version Tinstall Tcheck Ttotal Status Flags
r-devel-linux-x86_64-debian-clang 1.2.9 571.56 695.13 1266.69 OK
r-devel-linux-x86_64-debian-gcc 1.2.9 429.57 512.60 942.17 OK
r-devel-linux-x86_64-fedora-clang 1.2.9 1754.31 NOTE
r-devel-linux-x86_64-fedora-gcc 1.2.9 1748.39 OK
r-devel-windows-x86_64 1.2.9 403.00 686.00 1089.00 NOTE
r-patched-linux-x86_64 1.2.9 401.31 662.24 1063.55 OK
r-release-linux-x86_64 1.2.9 392.12 649.98 1042.10 OK
r-release-macos-arm64 1.2.9 422.00 NOTE
r-release-macos-x86_64 1.2.9 333.00 NOTE
r-release-windows-x86_64 1.2.9 521.00 724.00 1245.00 NOTE
r-oldrel-macos-arm64 1.2.9 414.00 NOTE
r-oldrel-windows-x86_64 1.2.9 492.00 763.00 1255.00 NOTE

Check Details

Version: 1.2.9
Check: installed package size
Result: NOTE installed size is 10.8Mb sub-directories of 1Mb or more: doc 5.3Mb htmlwidgets 1.8Mb libs 1.5Mb Flavors: r-devel-linux-x86_64-fedora-clang, r-devel-windows-x86_64, r-release-macos-arm64, r-release-macos-x86_64, r-release-windows-x86_64, r-oldrel-macos-arm64, r-oldrel-windows-x86_64