CRAN Package Check Results for Package RadOnc

Last updated on 2020-05-28 01:53:26 CEST.

Flavor Version Tinstall Tcheck Ttotal Status Flags
r-devel-linux-x86_64-debian-clang 1.1.5 15.26 100.88 116.14 OK
r-devel-linux-x86_64-debian-gcc 1.1.5 12.05 75.63 87.68 OK
r-devel-linux-x86_64-fedora-clang 1.1.5 138.92 NOTE
r-devel-linux-x86_64-fedora-gcc 1.1.5 136.40 OK
r-devel-windows-ix86+x86_64 1.1.5 37.00 157.00 194.00 NOTE
r-patched-linux-x86_64 1.1.5 16.78 101.08 117.86 OK
r-patched-solaris-x86 1.1.5 182.40 NOTE
r-release-linux-x86_64 1.1.5 16.49 99.97 116.46 OK
r-release-osx-x86_64 1.1.5 NOTE
r-release-windows-ix86+x86_64 1.1.5 40.00 163.00 203.00 NOTE
r-oldrel-osx-x86_64 1.1.5 WARN
r-oldrel-windows-ix86+x86_64 1.1.5 24.00 116.00 140.00 NOTE

Check Details

Version: 1.1.5
Check: installed package size
Result: NOTE
     installed size is 5.3Mb
     sub-directories of 1Mb or more:
     data 2.3Mb
     extdata 1.4Mb
Flavors: r-devel-linux-x86_64-fedora-clang, r-devel-windows-ix86+x86_64, r-patched-solaris-x86, r-release-osx-x86_64, r-release-windows-ix86+x86_64, r-oldrel-osx-x86_64, r-oldrel-windows-ix86+x86_64

Version: 1.1.5
Check: whether package can be installed
Result: WARN
    Found the following significant warnings:
     Warning: 'rgl_init' failed, running with rgl.useNULL = TRUE
Flavor: r-oldrel-osx-x86_64