CRAN Package Check Results for Package RadialVisGadgets

Last updated on 2022-12-06 00:51:19 CET.

Flavor Version Tinstall Tcheck Ttotal Status Flags
r-devel-linux-x86_64-debian-clang 0.2.0 20.24 151.50 171.74 NOTE
r-devel-linux-x86_64-debian-gcc 0.2.0 15.12 112.03 127.15 NOTE
r-devel-linux-x86_64-fedora-clang 0.2.0 216.98 NOTE
r-devel-linux-x86_64-fedora-gcc 0.2.0 218.06 NOTE
r-devel-windows-x86_64 0.2.0 36.00 171.00 207.00 NOTE
r-patched-linux-x86_64 0.2.0 14.53 140.79 155.32 NOTE
r-release-linux-x86_64 0.2.0 13.71 138.99 152.70 NOTE
r-release-macos-arm64 0.2.0 58.00 NOTE
r-release-macos-x86_64 0.2.0 98.00 NOTE
r-release-windows-x86_64 0.2.0 41.00 176.00 217.00 NOTE
r-oldrel-macos-arm64 0.2.0 56.00 NOTE
r-oldrel-macos-x86_64 0.2.0 104.00 NOTE
r-oldrel-windows-ix86+x86_64 0.2.0 42.00 166.00 208.00 NOTE

Check Details

Version: 0.2.0
Check: LazyData
Result: NOTE
     'LazyData' is specified without a 'data' directory
Flavors: r-devel-linux-x86_64-debian-clang, r-devel-linux-x86_64-debian-gcc, r-devel-linux-x86_64-fedora-clang, r-devel-linux-x86_64-fedora-gcc, r-devel-windows-x86_64, r-patched-linux-x86_64, r-release-linux-x86_64, r-release-macos-arm64, r-release-macos-x86_64, r-release-windows-x86_64, r-oldrel-macos-arm64, r-oldrel-macos-x86_64, r-oldrel-windows-ix86+x86_64