CRAN Package Check Results for Package RagGrid

Last updated on 2023-02-06 00:52:40 CET.

Flavor Version Tinstall Tcheck Ttotal Status Flags
r-devel-linux-x86_64-debian-clang 0.2.0 3.36 27.30 30.66 OK
r-devel-linux-x86_64-debian-gcc 0.2.0 2.84 21.68 24.52 OK
r-devel-linux-x86_64-fedora-clang 0.2.0 39.65 NOTE
r-devel-linux-x86_64-fedora-gcc 0.2.0 38.65 NOTE
r-devel-windows-x86_64 0.2.0 13.00 61.00 74.00 OK
r-patched-linux-x86_64 0.2.0 3.67 26.93 30.60 OK
r-release-linux-x86_64 0.2.0 2.51 28.32 30.83 OK
r-release-macos-arm64 0.2.0 17.00 NOTE
r-release-macos-x86_64 0.2.0 23.00 NOTE
r-release-windows-x86_64 0.2.0 24.00 61.00 85.00 OK
r-oldrel-macos-arm64 0.2.0 20.00 NOTE
r-oldrel-macos-x86_64 0.2.0 27.00 NOTE
r-oldrel-windows-ix86+x86_64 0.2.0 9.00 54.00 63.00 OK

Check Details

Version: 0.2.0
Check: dependencies in R code
Result: NOTE
    Namespace in Imports field not imported from: ‘knitr’
     All declared Imports should be used.
Flavors: r-devel-linux-x86_64-fedora-clang, r-devel-linux-x86_64-fedora-gcc, r-release-macos-arm64, r-release-macos-x86_64, r-oldrel-macos-arm64, r-oldrel-macos-x86_64