Last updated on 2021-04-20 01:47:16 CEST.
Flavor | Version | Tinstall | Tcheck | Ttotal | Status | Flags |
---|---|---|---|---|---|---|
r-devel-linux-x86_64-debian-clang | 0.0.2 | 11.21 | 100.96 | 112.17 | NOTE | |
r-devel-linux-x86_64-debian-gcc | 0.0.2 | 7.84 | 83.62 | 91.46 | NOTE | |
r-devel-linux-x86_64-fedora-clang | 0.0.2 | 145.88 | NOTE | |||
r-devel-linux-x86_64-fedora-gcc | 0.0.2 | 134.74 | NOTE | |||
r-devel-windows-ix86+x86_64 | 0.0.2 | 23.00 | 99.00 | 122.00 | NOTE | |
r-devel-windows-x86_64-gcc10-UCRT | 0.0.2 | NOTE | ||||
r-patched-linux-x86_64 | 0.0.2 | 9.45 | 94.90 | 104.35 | OK | |
r-patched-solaris-x86 | 0.0.2 | 205.00 | OK | |||
r-release-linux-x86_64 | 0.0.2 | 9.64 | 94.82 | 104.46 | OK | |
r-release-macos-x86_64 | 0.0.2 | OK | ||||
r-release-windows-ix86+x86_64 | 0.0.2 | 24.00 | 138.00 | 162.00 | OK | |
r-oldrel-macos-x86_64 | 0.0.2 | OK | ||||
r-oldrel-windows-ix86+x86_64 | 0.0.2 | 15.00 | 131.00 | 146.00 | OK |
Version: 0.0.2
Check: LazyData
Result: NOTE
'LazyData' is specified without a 'data' directory
Flavors: r-devel-linux-x86_64-debian-clang, r-devel-linux-x86_64-debian-gcc, r-devel-linux-x86_64-fedora-clang, r-devel-linux-x86_64-fedora-gcc, r-devel-windows-ix86+x86_64, r-devel-windows-x86_64-gcc10-UCRT