CRAN Package Check Results for Package Raquifer

Last updated on 2023-02-07 00:54:27 CET.

Flavor Version Tinstall Tcheck Ttotal Status Flags
r-devel-linux-x86_64-debian-clang 0.1.0 6.89 64.57 71.46 NOTE
r-devel-linux-x86_64-debian-gcc 0.1.0 5.28 46.76 52.04 NOTE
r-devel-linux-x86_64-fedora-clang 0.1.0 92.89 NOTE
r-devel-linux-x86_64-fedora-gcc 0.1.0 93.28 NOTE
r-devel-windows-x86_64 0.1.0 30.00 94.00 124.00 NOTE
r-patched-linux-x86_64 0.1.0 6.50 60.45 66.95 NOTE
r-release-linux-x86_64 0.1.0 6.93 61.29 68.22 NOTE
r-release-macos-arm64 0.1.0 34.00 NOTE
r-release-macos-x86_64 0.1.0 56.00 NOTE
r-release-windows-x86_64 0.1.0 21.00 104.00 125.00 NOTE
r-oldrel-macos-arm64 0.1.0 41.00 NOTE
r-oldrel-macos-x86_64 0.1.0 54.00 NOTE
r-oldrel-windows-ix86+x86_64 0.1.0 14.00 93.00 107.00 NOTE

Check Details

Version: 0.1.0
Check: LazyData
Result: NOTE
     'LazyData' is specified without a 'data' directory
Flavors: r-devel-linux-x86_64-debian-clang, r-devel-linux-x86_64-debian-gcc, r-devel-linux-x86_64-fedora-clang, r-devel-linux-x86_64-fedora-gcc, r-devel-windows-x86_64, r-patched-linux-x86_64, r-release-linux-x86_64, r-release-macos-arm64, r-release-macos-x86_64, r-release-windows-x86_64, r-oldrel-macos-arm64, r-oldrel-macos-x86_64, r-oldrel-windows-ix86+x86_64