CRAN Package Check Results for Package RavenR

Last updated on 2021-11-28 00:48:57 CET.

Flavor Version Tinstall Tcheck Ttotal Status Flags
r-devel-linux-x86_64-debian-clang 2.1.4 OK
r-devel-linux-x86_64-debian-gcc 2.1.4 22.40 116.40 138.80 OK
r-devel-linux-x86_64-fedora-clang 2.1.4 239.20 OK
r-devel-linux-x86_64-fedora-gcc 2.1.4 235.85 OK
r-devel-windows-x86_64-new-UL 2.1.4 57.00 243.00 300.00 OK
r-devel-windows-x86_64-new-TK 2.1.4 OK
r-devel-windows-x86_64-old 2.1.4 36.00 158.00 194.00 OK
r-patched-linux-x86_64 2.1.4 38.71 145.89 184.60 OK
r-patched-solaris-x86 2.1.4 265.30 NOTE
r-release-linux-x86_64 2.1.4 OK
r-release-macos-arm64 2.1.4 OK
r-release-macos-x86_64 2.1.4 OK
r-release-windows-ix86+x86_64 2.1.4 74.00 298.00 372.00 NOTE
r-oldrel-macos-x86_64 2.1.4 OK
r-oldrel-windows-ix86+x86_64 2.1.4 68.00 292.00 360.00 NOTE

Check Details

Version: 2.1.4
Check: package dependencies
Result: NOTE
    Package suggested but not available for checking: ‘rsvg’
Flavor: r-patched-solaris-x86

Version: 2.1.4
Check: installed package size
Result: NOTE
     installed size is 5.2Mb
     sub-directories of 1Mb or more:
     doc 1.1Mb
     extdata 1.2Mb
     libs 2.1Mb
Flavors: r-release-windows-ix86+x86_64, r-oldrel-windows-ix86+x86_64