CRAN Package Check Results for Package Rcereal

Last updated on 2023-09-25 08:02:36 CEST.

Flavor Version Tinstall Tcheck Ttotal Status Flags
r-devel-linux-x86_64-debian-clang 1.2.1.1 1.72 23.61 25.33 NOTE
r-devel-linux-x86_64-debian-gcc 1.2.1.1 1.77 18.82 20.59 NOTE
r-devel-linux-x86_64-fedora-clang 1.2.1.1 33.39 NOTE
r-devel-linux-x86_64-fedora-gcc 1.2.1.1 45.92 NOTE
r-devel-windows-x86_64 1.2.1.1 3.00 42.00 45.00 NOTE
r-patched-linux-x86_64 1.2.1.1 2.24 22.85 25.09 NOTE
r-release-linux-x86_64 1.2.1.1 2.11 23.30 25.41 NOTE
r-release-macos-arm64 1.2.1.1 23.00 NOTE
r-release-macos-x86_64 1.2.1.1 32.00 NOTE
r-release-windows-x86_64 1.2.1.1 3.00 41.00 44.00 NOTE
r-oldrel-macos-arm64 1.2.1.1 21.00 NOTE
r-oldrel-macos-x86_64 1.2.1.1 23.00 NOTE
r-oldrel-windows-x86_64 1.2.1.1 7.00 44.00 51.00 NOTE

Check Details

Version: 1.2.1.1
Check: LazyData
Result: NOTE
     'LazyData' is specified without a 'data' directory
Flavors: r-devel-linux-x86_64-debian-clang, r-devel-linux-x86_64-debian-gcc, r-devel-linux-x86_64-fedora-clang, r-devel-linux-x86_64-fedora-gcc, r-devel-windows-x86_64, r-patched-linux-x86_64, r-release-linux-x86_64, r-release-macos-arm64, r-release-macos-x86_64, r-release-windows-x86_64, r-oldrel-macos-arm64, r-oldrel-macos-x86_64, r-oldrel-windows-x86_64