CRAN Package Check Results for Package Rcmdr

Last updated on 2021-08-01 01:52:00 CEST.

Flavor Version Tinstall Tcheck Ttotal Status Flags
r-devel-linux-x86_64-debian-clang 2.7-1 50.86 254.56 305.42 OK
r-devel-linux-x86_64-debian-gcc 2.7-1 39.73 188.97 228.70 OK
r-devel-linux-x86_64-fedora-clang 2.7-1 375.50 NOTE
r-devel-linux-x86_64-fedora-gcc 2.7-1 359.05 OK
r-devel-windows-x86_64 2.7-1 76.00 252.00 328.00 NOTE
r-devel-windows-x86_64-gcc10-UCRT 2.7-1 OK
r-patched-linux-x86_64 2.7-1 OK
r-patched-solaris-x86 2.7-1 456.90 NOTE
r-release-linux-x86_64 2.7-1 46.53 244.31 290.84 OK
r-release-macos-arm64 2.7-1 NOTE
r-release-macos-x86_64 2.7-1 NOTE
r-release-windows-ix86+x86_64 2.7-1 68.00 246.00 314.00 NOTE
r-oldrel-macos-x86_64 2.7-1 NOTE
r-oldrel-windows-ix86+x86_64 2.7-1 71.00 255.00 326.00 NOTE

Check Details

Version: 2.7-1
Check: installed package size
Result: NOTE
     installed size is 6.5Mb
     sub-directories of 1Mb or more:
     R 1.2Mb
     doc 2.3Mb
     po 2.4Mb
Flavors: r-devel-linux-x86_64-fedora-clang, r-devel-windows-x86_64, r-patched-solaris-x86, r-release-macos-arm64, r-release-macos-x86_64, r-release-windows-ix86+x86_64, r-oldrel-macos-x86_64, r-oldrel-windows-ix86+x86_64