CRAN Package Check Results for Package RcmdrPlugin.EZR

Last updated on 2020-07-04 02:12:31 CEST.

Flavor Version Tinstall Tcheck Ttotal Status Flags
r-devel-linux-x86_64-debian-clang 1.50 49.58 201.72 251.30 OK
r-devel-linux-x86_64-debian-gcc 1.50 38.62 149.56 188.18 OK
r-devel-linux-x86_64-fedora-clang 1.50 249.73 OK
r-devel-linux-x86_64-fedora-gcc 1.50 240.31 OK
r-devel-windows-ix86+x86_64 1.50 101.00 277.00 378.00 OK
r-patched-linux-x86_64 1.50 33.03 199.34 232.37 OK
r-patched-solaris-x86 1.50 394.40 OK
r-release-linux-x86_64 1.50 32.94 196.63 229.57 OK
r-release-osx-x86_64 1.50 OK
r-release-windows-ix86+x86_64 1.50 66.00 186.00 252.00 OK
r-oldrel-osx-x86_64 1.50 WARN
r-oldrel-windows-ix86+x86_64 1.50 94.00 289.00 383.00 OK

Check Details

Version: 1.50
Check: dependencies in R code
Result: NOTE
    No protocol specified
    No protocol specified
Flavor: r-oldrel-osx-x86_64

Version: 1.50
Check: S3 generic/method consistency
Result: WARN
    No protocol specified
    No protocol specified
    See section ‘Generic functions and methods’ in the ‘Writing R
    Extensions’ manual.
Flavor: r-oldrel-osx-x86_64

Version: 1.50
Check: replacement functions
Result: WARN
    No protocol specified
    No protocol specified
    The argument of a replacement function which corresponds to the right
    hand side must be named ‘value’.
Flavor: r-oldrel-osx-x86_64

Version: 1.50
Check: foreign function calls
Result: NOTE
    No protocol specified
    No protocol specified
    See chapter ‘System and foreign language interfaces’ in the ‘Writing R
    Extensions’ manual.
Flavor: r-oldrel-osx-x86_64

Version: 1.50
Check: R code for possible problems
Result: NOTE
    No protocol specified
    No protocol specified
Flavor: r-oldrel-osx-x86_64

Version: 1.50
Check: for missing documentation entries
Result: WARN
    No protocol specified
    No protocol specified
    All user-level objects in a package should have documentation entries.
    See chapter ‘Writing R documentation files’ in the ‘Writing R
    Extensions’ manual.
Flavor: r-oldrel-osx-x86_64

Version: 1.50
Check: for code/documentation mismatches
Result: WARN
    No protocol specified
    No protocol specified
    No protocol specified
    No protocol specified
    No protocol specified
    No protocol specified
Flavor: r-oldrel-osx-x86_64

Version: 1.50
Check: Rd \usage sections
Result: NOTE
    No protocol specified
    No protocol specified
    The \usage entries for S3 methods should use the \method markup and not
    their full name.
    See chapter ‘Writing R documentation files’ in the ‘Writing R
    Extensions’ manual.
Flavor: r-oldrel-osx-x86_64