CRAN Package Check Results for Package RcmdrPlugin.GWRM

Last updated on 2022-01-23 00:57:22 CET.

Flavor Version Tinstall Tcheck Ttotal Status Flags
r-devel-linux-x86_64-debian-clang 1.0.2 15.76 126.53 142.29 NOTE
r-devel-linux-x86_64-debian-gcc 1.0.2 12.66 94.12 106.78 NOTE
r-devel-linux-x86_64-fedora-clang 1.0.2 176.55 NOTE
r-devel-linux-x86_64-fedora-gcc 1.0.2 160.53 NOTE
r-devel-windows-x86_64-new-UL 1.0.2 82.00 153.00 235.00 NOTE
r-devel-windows-x86_64-new-TK 1.0.2 ERROR
r-patched-linux-x86_64 1.0.2 22.51 121.00 143.51 NOTE
r-release-linux-x86_64 1.0.2 13.51 119.80 133.31 NOTE
r-release-macos-arm64 1.0.2 NOTE
r-release-macos-x86_64 1.0.2 NOTE
r-release-windows-ix86+x86_64 1.0.2 37.00 146.00 183.00 NOTE
r-oldrel-macos-x86_64 1.0.2 OK
r-oldrel-windows-ix86+x86_64 1.0.2 40.00 143.00 183.00 OK

Check Details

Version: 1.0.2
Check: LazyData
Result: NOTE
     'LazyData' is specified without a 'data' directory
Flavors: r-devel-linux-x86_64-debian-clang, r-devel-linux-x86_64-debian-gcc, r-devel-linux-x86_64-fedora-clang, r-devel-linux-x86_64-fedora-gcc, r-devel-windows-x86_64-new-UL, r-patched-linux-x86_64, r-release-linux-x86_64, r-release-macos-arm64, r-release-macos-x86_64, r-release-windows-ix86+x86_64

Version: 1.0.2
Check: package dependencies
Result: ERROR
    Packages required but not available: 'RcmdrMisc', 'Rcmdr'
    
    See section 'The DESCRIPTION file' in the 'Writing R Extensions'
    manual.
Flavor: r-devel-windows-x86_64-new-TK