CRAN Package Check Results for Package RcmdrPlugin.HH

Last updated on 2020-12-01 00:46:52 CET.

Flavor Version Tinstall Tcheck Ttotal Status Flags
r-devel-linux-x86_64-debian-clang 1.1-47 28.18 158.32 186.50 OK
r-devel-linux-x86_64-debian-gcc 1.1-47 19.67 118.64 138.31 OK
r-devel-linux-x86_64-fedora-clang 1.1-47 236.86 NOTE
r-devel-linux-x86_64-fedora-gcc 1.1-47 230.92 OK
r-devel-windows-ix86+x86_64 1.1-47 48.00 178.00 226.00 OK
r-patched-linux-x86_64 1.1-47 16.55 147.78 164.33 OK
r-patched-solaris-x86 1.1-47 285.90 OK
r-release-linux-x86_64 1.1-47 23.36 149.39 172.75 OK
r-release-macos-x86_64 1.1-47 OK
r-release-windows-ix86+x86_64 1.1-47 37.00 129.00 166.00 OK
r-oldrel-macos-x86_64 1.1-47 OK
r-oldrel-windows-ix86+x86_64 1.1-47 42.00 163.00 205.00 OK

Check Details

Version: 1.1-47
Check: Rd cross-references
Result: NOTE
    Undeclared packages ‘car’, ‘leaps’, ‘latticeExtra’, ‘rgl’ in Rd xrefs
Flavor: r-devel-linux-x86_64-fedora-clang