CRAN Package Check Results for Package RcmdrPlugin.IPSUR

Last updated on 2020-09-29 01:48:36 CEST.

Flavor Version Tinstall Tcheck Ttotal Status Flags
r-devel-linux-x86_64-debian-clang 0.2-1.1 33.18 163.26 196.44 NOTE
r-devel-linux-x86_64-debian-gcc 0.2-1.1 24.35 120.41 144.76 NOTE
r-devel-linux-x86_64-fedora-clang 0.2-1.1 246.69 NOTE
r-devel-linux-x86_64-fedora-gcc 0.2-1.1 232.71 NOTE
r-devel-windows-ix86+x86_64 0.2-1.1 47.00 173.00 220.00 NOTE
r-patched-linux-x86_64 0.2-1.1 28.29 147.88 176.17 NOTE
r-patched-solaris-x86 0.2-1.1 344.70 NOTE
r-release-linux-x86_64 0.2-1.1 29.00 147.14 176.14 NOTE
r-release-macos-x86_64 0.2-1.1 NOTE
r-release-windows-ix86+x86_64 0.2-1.1 57.00 169.00 226.00 NOTE
r-oldrel-macos-x86_64 0.2-1.1 NOTE
r-oldrel-windows-ix86+x86_64 0.2-1.1 44.00 150.00 194.00 NOTE

Check Details

Version: 0.2-1.1
Check: dependencies in R code
Result: NOTE
    'library' or 'require' calls in package code:
     'abind' 'e1071' 'qcc'
     Please use :: or requireNamespace() instead.
     See section 'Suggested packages' in the 'Writing R Extensions' manual.
Flavors: r-devel-linux-x86_64-debian-clang, r-devel-linux-x86_64-debian-gcc, r-devel-linux-x86_64-fedora-clang, r-devel-linux-x86_64-fedora-gcc, r-devel-windows-ix86+x86_64, r-patched-linux-x86_64, r-patched-solaris-x86, r-release-linux-x86_64, r-release-macos-x86_64, r-release-windows-ix86+x86_64, r-oldrel-macos-x86_64, r-oldrel-windows-ix86+x86_64