CRAN Package Check Results for Package RcmdrPlugin.IPSUR

Last updated on 2020-02-20 00:54:24 CET.

Flavor Version Tinstall Tcheck Ttotal Status Flags
r-devel-linux-x86_64-debian-clang 0.2-1.1 29.75 147.68 177.43 NOTE
r-devel-linux-x86_64-debian-gcc 0.2-1.1 23.07 110.69 133.76 NOTE
r-devel-linux-x86_64-fedora-clang 0.2-1.1 217.43 NOTE
r-devel-linux-x86_64-fedora-gcc 0.2-1.1 211.56 NOTE
r-devel-windows-ix86+x86_64 0.2-1.1 55.00 164.00 219.00 NOTE
r-devel-windows-ix86+x86_64-gcc8 0.2-1.1 73.00 250.00 323.00 NOTE
r-patched-linux-x86_64 0.2-1.1 26.13 129.16 155.29 NOTE
r-patched-solaris-x86 0.2-1.1 343.00 NOTE
r-release-linux-x86_64 0.2-1.1 25.26 127.98 153.24 NOTE
r-release-windows-ix86+x86_64 0.2-1.1 49.00 147.00 196.00 NOTE
r-release-osx-x86_64 0.2-1.1 NOTE
r-oldrel-windows-ix86+x86_64 0.2-1.1 51.00 134.00 185.00 NOTE
r-oldrel-osx-x86_64 0.2-1.1 NOTE

Check Details

Version: 0.2-1.1
Check: dependencies in R code
Result: NOTE
    'library' or 'require' calls in package code:
     'abind' 'e1071' 'qcc'
     Please use :: or requireNamespace() instead.
     See section 'Suggested packages' in the 'Writing R Extensions' manual.
Flavors: r-devel-linux-x86_64-debian-clang, r-devel-linux-x86_64-debian-gcc, r-devel-linux-x86_64-fedora-clang, r-devel-linux-x86_64-fedora-gcc, r-devel-windows-ix86+x86_64, r-devel-windows-ix86+x86_64-gcc8, r-patched-linux-x86_64, r-patched-solaris-x86, r-release-linux-x86_64, r-release-windows-ix86+x86_64, r-release-osx-x86_64, r-oldrel-windows-ix86+x86_64, r-oldrel-osx-x86_64