CRAN Package Check Results for Package RcmdrPlugin.PcaRobust

Last updated on 2021-03-05 00:48:46 CET.

Flavor Version Tinstall Tcheck Ttotal Status Flags
r-devel-linux-x86_64-debian-clang 1.1.4 17.64 133.13 150.77 OK
r-devel-linux-x86_64-debian-gcc 1.1.4 13.68 101.32 115.00 OK
r-devel-linux-x86_64-fedora-clang 1.1.4 195.45 OK
r-devel-linux-x86_64-fedora-gcc 1.1.4 186.05 OK
r-devel-windows-ix86+x86_64 1.1.4 40.00 148.00 188.00 OK
r-patched-linux-x86_64 1.1.4 OK
r-patched-solaris-x86 1.1.4 301.50 OK
r-release-linux-x86_64 1.1.4 12.88 124.08 136.96 OK
r-release-macos-x86_64 1.1.4 OK
r-release-windows-ix86+x86_64 1.1.4 32.00 113.00 145.00 OK
r-oldrel-macos-x86_64 1.1.4 FAIL
r-oldrel-windows-ix86+x86_64 1.1.4 32.00 185.00 217.00 OK

Check Details

Version: 1.1.4
Check: whether package can be installed
Result: FAIL
Flavor: r-oldrel-macos-x86_64