Last updated on 2021-03-05 00:48:47 CET.
Flavor | Version | Tinstall | Tcheck | Ttotal | Status | Flags |
---|---|---|---|---|---|---|
r-devel-linux-x86_64-debian-clang | 1.0-18 | 21.39 | 141.60 | 162.99 | NOTE | |
r-devel-linux-x86_64-debian-gcc | 1.0-18 | 16.37 | 107.06 | 123.43 | NOTE | |
r-devel-linux-x86_64-fedora-clang | 1.0-18 | 210.07 | NOTE | |||
r-devel-linux-x86_64-fedora-gcc | 1.0-18 | 203.54 | NOTE | |||
r-devel-windows-ix86+x86_64 | 1.0-18 | 45.00 | 159.00 | 204.00 | NOTE | |
r-patched-linux-x86_64 | 1.0-18 | NOTE | ||||
r-patched-solaris-x86 | 1.0-18 | 304.60 | NOTE | |||
r-release-linux-x86_64 | 1.0-18 | 16.05 | 132.98 | 149.03 | NOTE | |
r-release-macos-x86_64 | 1.0-18 | NOTE | ||||
r-release-windows-ix86+x86_64 | 1.0-18 | 29.00 | 114.00 | 143.00 | NOTE | |
r-oldrel-macos-x86_64 | 1.0-18 | NOTE | ||||
r-oldrel-windows-ix86+x86_64 | 1.0-18 | 37.00 | 190.00 | 227.00 | NOTE |
Version: 1.0-18
Check: R code for possible problems
Result: NOTE
fncLRpROC: no visible global function definition for 'palette'
fncLRpROC : onOK : convert: no visible global function definition for
'col2rgb'
fncLRpROC : onOK : convert: no visible global function definition for
'rgb'
fncPairedpROC: no visible global function definition for 'palette'
fncPairedpROC : onOK : convert: no visible global function definition
for 'col2rgb'
fncPairedpROC : onOK : convert: no visible global function definition
for 'rgb'
fncUnpairedpROC: no visible global function definition for 'palette'
fncUnpairedpROC : onOK : convert: no visible global function definition
for 'col2rgb'
fncUnpairedpROC : onOK : convert: no visible global function definition
for 'rgb'
fncvpROC: no visible global function definition for 'palette'
fncvpROC : onOK : convert: no visible global function definition for
'col2rgb'
fncvpROC : onOK : convert: no visible global function definition for
'rgb'
Undefined global functions or variables:
col2rgb palette rgb
Consider adding
importFrom("grDevices", "col2rgb", "palette", "rgb")
to your NAMESPACE file.
Flavors: r-devel-linux-x86_64-debian-clang, r-devel-linux-x86_64-debian-gcc, r-devel-linux-x86_64-fedora-clang, r-devel-linux-x86_64-fedora-gcc, r-devel-windows-ix86+x86_64, r-patched-linux-x86_64, r-patched-solaris-x86, r-release-linux-x86_64, r-release-macos-x86_64, r-release-windows-ix86+x86_64, r-oldrel-macos-x86_64, r-oldrel-windows-ix86+x86_64