Last updated on 2021-03-05 00:48:47 CET.
Flavor | Version | Tinstall | Tcheck | Ttotal | Status | Flags |
---|---|---|---|---|---|---|
r-devel-linux-x86_64-debian-clang | 0.2 | 15.49 | 114.61 | 130.10 | NOTE | |
r-devel-linux-x86_64-debian-gcc | 0.2 | 13.14 | 88.91 | 102.05 | NOTE | |
r-devel-linux-x86_64-fedora-clang | 0.2 | 171.71 | NOTE | |||
r-devel-linux-x86_64-fedora-gcc | 0.2 | 164.06 | NOTE | |||
r-devel-windows-ix86+x86_64 | 0.2 | 37.00 | 129.00 | 166.00 | NOTE | |
r-patched-linux-x86_64 | 0.2 | NOTE | ||||
r-patched-solaris-x86 | 0.2 | 260.30 | NOTE | |||
r-release-linux-x86_64 | 0.2 | 11.83 | 107.75 | 119.58 | NOTE | |
r-release-macos-x86_64 | 0.2 | NOTE | ||||
r-release-windows-ix86+x86_64 | 0.2 | 29.00 | 98.00 | 127.00 | NOTE | |
r-oldrel-macos-x86_64 | 0.2 | NOTE | ||||
r-oldrel-windows-ix86+x86_64 | 0.2 | 29.00 | 155.00 | 184.00 | NOTE |
Version: 0.2
Check: dependencies in R code
Result: NOTE
'library' or 'require' call to 'SLC' which was already attached by Depends.
Please remove these calls from your code.
Package in Depends field not imported from: 'SLC'
These packages need to be imported from (in the NAMESPACE file)
for when this namespace is loaded but not attached.
Flavors: r-devel-linux-x86_64-debian-clang, r-devel-linux-x86_64-debian-gcc, r-devel-linux-x86_64-fedora-clang, r-devel-linux-x86_64-fedora-gcc, r-devel-windows-ix86+x86_64, r-patched-linux-x86_64, r-patched-solaris-x86, r-release-linux-x86_64, r-release-macos-x86_64, r-release-windows-ix86+x86_64, r-oldrel-macos-x86_64, r-oldrel-windows-ix86+x86_64