CRAN Package Check Results for Package RcmdrPlugin.TeachStat

Last updated on 2021-02-26 00:48:26 CET.

Flavor Version Tinstall Tcheck Ttotal Status Flags
r-devel-linux-x86_64-debian-clang 1.1.0 35.46 182.28 217.74 OK
r-devel-linux-x86_64-debian-gcc 1.1.0 26.25 135.80 162.05 OK
r-devel-linux-x86_64-fedora-clang 1.1.0 287.12 NOTE
r-devel-linux-x86_64-fedora-gcc 1.1.0 282.69 OK
r-devel-windows-ix86+x86_64 1.1.0 40.00 136.00 176.00 OK
r-patched-linux-x86_64 1.1.0 24.62 167.78 192.40 OK
r-patched-solaris-x86 1.1.0 407.30 OK
r-release-linux-x86_64 1.1.0 22.90 166.23 189.13 OK
r-release-macos-x86_64 1.1.0 OK
r-release-windows-ix86+x86_64 1.1.0 55.00 203.00 258.00 OK
r-oldrel-macos-x86_64 1.1.0 WARN
r-oldrel-windows-ix86+x86_64 1.1.0 34.00 127.00 161.00 OK

Check Details

Version: 1.1.0
Check: Rd cross-references
Result: NOTE
    Undeclared packages ‘e1071’, ‘RcmdrMisc’ in Rd xrefs
Flavor: r-devel-linux-x86_64-fedora-clang

Version: 1.1.0
Check: dependencies in R code
Result: NOTE
    No protocol specified
    No protocol specified
Flavor: r-oldrel-macos-x86_64

Version: 1.1.0
Check: S3 generic/method consistency
Result: WARN
    No protocol specified
    No protocol specified
    See section ‘Generic functions and methods’ in the ‘Writing R
    Extensions’ manual.
Flavor: r-oldrel-macos-x86_64

Version: 1.1.0
Check: replacement functions
Result: WARN
    No protocol specified
    No protocol specified
    The argument of a replacement function which corresponds to the right
    hand side must be named ‘value’.
Flavor: r-oldrel-macos-x86_64

Version: 1.1.0
Check: foreign function calls
Result: NOTE
    No protocol specified
    No protocol specified
    See chapter ‘System and foreign language interfaces’ in the ‘Writing R
    Extensions’ manual.
Flavor: r-oldrel-macos-x86_64

Version: 1.1.0
Check: R code for possible problems
Result: NOTE
    No protocol specified
    No protocol specified
Flavor: r-oldrel-macos-x86_64

Version: 1.1.0
Check: for missing documentation entries
Result: WARN
    No protocol specified
    No protocol specified
    All user-level objects in a package should have documentation entries.
    See chapter ‘Writing R documentation files’ in the ‘Writing R
    Extensions’ manual.
Flavor: r-oldrel-macos-x86_64

Version: 1.1.0
Check: for code/documentation mismatches
Result: WARN
    No protocol specified
    No protocol specified
    No protocol specified
    No protocol specified
    No protocol specified
    No protocol specified
Flavor: r-oldrel-macos-x86_64

Version: 1.1.0
Check: Rd \usage sections
Result: NOTE
    No protocol specified
    No protocol specified
    The \usage entries for S3 methods should use the \method markup and not
    their full name.
    See chapter ‘Writing R documentation files’ in the ‘Writing R
    Extensions’ manual.
Flavor: r-oldrel-macos-x86_64