CRAN Package Check Results for Package RcmdrPlugin.WorldFlora

Last updated on 2021-03-07 00:49:00 CET.

Flavor Version Tinstall Tcheck Ttotal Status Flags
r-devel-linux-x86_64-debian-clang 1.1 17.51 122.57 140.08 OK
r-devel-linux-x86_64-debian-gcc 1.1 13.98 92.87 106.85 OK
r-devel-linux-x86_64-fedora-clang 1.1 183.76 OK
r-devel-linux-x86_64-fedora-gcc 1.1 175.50 OK
r-devel-windows-ix86+x86_64 1.1 38.00 138.00 176.00 OK
r-patched-linux-x86_64 1.1 17.08 115.05 132.13 OK
r-patched-solaris-x86 1.1 278.30 OK
r-release-linux-x86_64 1.1 16.46 116.05 132.51 OK
r-release-macos-x86_64 1.1 OK
r-release-windows-ix86+x86_64 1.1 29.00 101.00 130.00 OK
r-oldrel-macos-x86_64 1.1 WARN
r-oldrel-windows-ix86+x86_64 1.1 22.00 97.00 119.00 OK

Check Details

Version: 1.1
Check: dependencies in R code
Result: NOTE
    No protocol specified
    No protocol specified
Flavor: r-oldrel-macos-x86_64

Version: 1.1
Check: S3 generic/method consistency
Result: WARN
    No protocol specified
    No protocol specified
    See section ‘Generic functions and methods’ in the ‘Writing R
    Extensions’ manual.
Flavor: r-oldrel-macos-x86_64

Version: 1.1
Check: replacement functions
Result: WARN
    No protocol specified
    No protocol specified
    The argument of a replacement function which corresponds to the right
    hand side must be named ‘value’.
Flavor: r-oldrel-macos-x86_64

Version: 1.1
Check: foreign function calls
Result: NOTE
    No protocol specified
    No protocol specified
    See chapter ‘System and foreign language interfaces’ in the ‘Writing R
    Extensions’ manual.
Flavor: r-oldrel-macos-x86_64

Version: 1.1
Check: R code for possible problems
Result: NOTE
    No protocol specified
    No protocol specified
Flavor: r-oldrel-macos-x86_64

Version: 1.1
Check: for missing documentation entries
Result: WARN
    No protocol specified
    No protocol specified
    All user-level objects in a package should have documentation entries.
    See chapter ‘Writing R documentation files’ in the ‘Writing R
    Extensions’ manual.
Flavor: r-oldrel-macos-x86_64

Version: 1.1
Check: for code/documentation mismatches
Result: WARN
    No protocol specified
    No protocol specified
    No protocol specified
    No protocol specified
    No protocol specified
    No protocol specified
Flavor: r-oldrel-macos-x86_64

Version: 1.1
Check: Rd \usage sections
Result: NOTE
    No protocol specified
    No protocol specified
    The \usage entries for S3 methods should use the \method markup and not
    their full name.
    See chapter ‘Writing R documentation files’ in the ‘Writing R
    Extensions’ manual.
Flavor: r-oldrel-macos-x86_64