Last updated on 2021-03-05 00:48:46 CET.
Flavor | Version | Tinstall | Tcheck | Ttotal | Status | Flags |
---|---|---|---|---|---|---|
r-devel-linux-x86_64-debian-clang | 0.0.5 | 18.95 | 127.41 | 146.36 | OK | |
r-devel-linux-x86_64-debian-gcc | 0.0.5 | 14.53 | 96.95 | 111.48 | OK | |
r-devel-linux-x86_64-fedora-clang | 0.0.5 | 189.26 | NOTE | |||
r-devel-linux-x86_64-fedora-gcc | 0.0.5 | 182.36 | OK | |||
r-devel-windows-ix86+x86_64 | 0.0.5 | 39.00 | 141.00 | 180.00 | OK | |
r-patched-linux-x86_64 | 0.0.5 | OK | ||||
r-patched-solaris-x86 | 0.0.5 | 284.70 | OK | |||
r-release-linux-x86_64 | 0.0.5 | 13.01 | 118.45 | 131.46 | OK | |
r-release-macos-x86_64 | 0.0.5 | OK | ||||
r-release-windows-ix86+x86_64 | 0.0.5 | 29.00 | 106.00 | 135.00 | OK | |
r-oldrel-macos-x86_64 | 0.0.5 | OK | ||||
r-oldrel-windows-ix86+x86_64 | 0.0.5 | 31.00 | 138.00 | 169.00 | OK |
Version: 0.0.5
Check: Rd cross-references
Result: NOTE
Undeclared package ‘car’ in Rd xrefs
Flavor: r-devel-linux-x86_64-fedora-clang