CRAN Package Check Results for Package RcmdrPlugin.coin

Last updated on 2021-03-05 00:48:46 CET.

Flavor Version Tinstall Tcheck Ttotal Status Flags
r-devel-linux-x86_64-debian-clang 1.0-22 19.64 141.75 161.39 NOTE
r-devel-linux-x86_64-debian-gcc 1.0-22 14.84 108.21 123.05 NOTE
r-devel-linux-x86_64-fedora-clang 1.0-22 207.93 NOTE
r-devel-linux-x86_64-fedora-gcc 1.0-22 200.34 NOTE
r-devel-windows-ix86+x86_64 1.0-22 43.00 161.00 204.00 NOTE
r-patched-linux-x86_64 1.0-22 NOTE
r-patched-solaris-x86 1.0-22 303.50 NOTE
r-release-linux-x86_64 1.0-22 14.40 132.21 146.61 NOTE
r-release-macos-x86_64 1.0-22 NOTE
r-release-windows-ix86+x86_64 1.0-22 28.00 118.00 146.00 NOTE
r-oldrel-macos-x86_64 1.0-22 NOTE
r-oldrel-windows-ix86+x86_64 1.0-22 37.00 172.00 209.00 NOTE

Check Details

Version: 1.0-22
Check: R code for possible problems
Result: NOTE
    enterTableMHTest : onOK: no visible global function definition for
     'na.omit'
    startStop: no visible global function definition for 'na.omit'
    Undefined global functions or variables:
     na.omit
    Consider adding
     importFrom("stats", "na.omit")
    to your NAMESPACE file.
Flavors: r-devel-linux-x86_64-debian-clang, r-devel-linux-x86_64-debian-gcc, r-devel-linux-x86_64-fedora-clang, r-devel-linux-x86_64-fedora-gcc, r-devel-windows-ix86+x86_64, r-patched-linux-x86_64, r-patched-solaris-x86, r-release-linux-x86_64, r-release-macos-x86_64, r-release-windows-ix86+x86_64, r-oldrel-macos-x86_64, r-oldrel-windows-ix86+x86_64