CRAN Package Check Results for Package RcmdrPlugin.coin

Last updated on 2021-12-08 01:51:54 CET.

Flavor Version Tinstall Tcheck Ttotal Status Flags
r-devel-linux-x86_64-debian-clang 1.0-22 18.32 147.26 165.58 NOTE
r-devel-linux-x86_64-debian-gcc 1.0-22 15.35 112.63 127.98 NOTE
r-devel-linux-x86_64-fedora-clang 1.0-22 210.70 NOTE
r-devel-linux-x86_64-fedora-gcc 1.0-22 193.08 NOTE
r-devel-windows-x86_64-new-UL 1.0-22 32.00 201.00 233.00 NOTE
r-devel-windows-x86_64-new-TK 1.0-22 NOTE
r-devel-windows-x86_64-old 1.0-22 28.00 173.00 201.00 NOTE
r-patched-linux-x86_64 1.0-22 18.16 140.24 158.40 NOTE
r-release-linux-x86_64 1.0-22 16.66 140.77 157.43 NOTE
r-release-macos-arm64 1.0-22 NOTE
r-release-macos-x86_64 1.0-22 NOTE
r-release-windows-ix86+x86_64 1.0-22 41.00 162.00 203.00 NOTE
r-oldrel-macos-x86_64 1.0-22 NOTE
r-oldrel-windows-ix86+x86_64 1.0-22 42.00 166.00 208.00 NOTE

Check Details

Version: 1.0-22
Check: R code for possible problems
Result: NOTE
    enterTableMHTest : onOK: no visible global function definition for
     'na.omit'
    startStop: no visible global function definition for 'na.omit'
    Undefined global functions or variables:
     na.omit
    Consider adding
     importFrom("stats", "na.omit")
    to your NAMESPACE file.
Flavors: r-devel-linux-x86_64-debian-clang, r-devel-linux-x86_64-debian-gcc, r-devel-linux-x86_64-fedora-clang, r-devel-linux-x86_64-fedora-gcc, r-devel-windows-x86_64-new-UL, r-devel-windows-x86_64-new-TK, r-devel-windows-x86_64-old, r-patched-linux-x86_64, r-release-linux-x86_64, r-release-macos-arm64, r-release-macos-x86_64, r-release-windows-ix86+x86_64, r-oldrel-macos-x86_64, r-oldrel-windows-ix86+x86_64