CRAN Package Check Results for Package RcmdrPlugin.depthTools

Last updated on 2021-03-05 00:48:46 CET.

Flavor Version Tinstall Tcheck Ttotal Status Flags
r-devel-linux-x86_64-debian-clang 1.4 15.53 128.12 143.65 OK
r-devel-linux-x86_64-debian-gcc 1.4 12.04 96.85 108.89 OK
r-devel-linux-x86_64-fedora-clang 1.4 186.98 OK
r-devel-linux-x86_64-fedora-gcc 1.4 176.40 OK
r-devel-windows-ix86+x86_64 1.4 39.00 147.00 186.00 OK
r-patched-linux-x86_64 1.4 OK
r-patched-solaris-x86 1.4 267.50 OK
r-release-linux-x86_64 1.4 11.99 119.91 131.90 OK
r-release-macos-x86_64 1.4 OK
r-release-windows-ix86+x86_64 1.4 28.00 106.00 134.00 OK
r-oldrel-macos-x86_64 1.4 WARN
r-oldrel-windows-ix86+x86_64 1.4 32.00 158.00 190.00 OK

Check Details

Version: 1.4
Check: dependencies in R code
Result: NOTE
    No protocol specified
    No protocol specified
Flavor: r-oldrel-macos-x86_64

Version: 1.4
Check: S3 generic/method consistency
Result: WARN
    No protocol specified
    No protocol specified
    See section ‘Generic functions and methods’ in the ‘Writing R
    Extensions’ manual.
Flavor: r-oldrel-macos-x86_64

Version: 1.4
Check: replacement functions
Result: WARN
    No protocol specified
    No protocol specified
    The argument of a replacement function which corresponds to the right
    hand side must be named ‘value’.
Flavor: r-oldrel-macos-x86_64

Version: 1.4
Check: foreign function calls
Result: NOTE
    No protocol specified
    No protocol specified
    See chapter ‘System and foreign language interfaces’ in the ‘Writing R
    Extensions’ manual.
Flavor: r-oldrel-macos-x86_64

Version: 1.4
Check: R code for possible problems
Result: NOTE
    No protocol specified
    No protocol specified
Flavor: r-oldrel-macos-x86_64

Version: 1.4
Check: for missing documentation entries
Result: WARN
    No protocol specified
    No protocol specified
    All user-level objects in a package should have documentation entries.
    See chapter ‘Writing R documentation files’ in the ‘Writing R
    Extensions’ manual.
Flavor: r-oldrel-macos-x86_64

Version: 1.4
Check: for code/documentation mismatches
Result: WARN
    No protocol specified
    No protocol specified
    No protocol specified
    No protocol specified
    No protocol specified
    No protocol specified
Flavor: r-oldrel-macos-x86_64

Version: 1.4
Check: Rd \usage sections
Result: NOTE
    No protocol specified
    No protocol specified
    The \usage entries for S3 methods should use the \method markup and not
    their full name.
    See chapter ‘Writing R documentation files’ in the ‘Writing R
    Extensions’ manual.
Flavor: r-oldrel-macos-x86_64