CRAN Package Check Results for Package Rcpp

Last updated on 2019-11-19 01:50:55 CET.

Flavor Version Tinstall Tcheck Ttotal Status Flags
r-devel-linux-x86_64-debian-clang 1.0.3 58.80 65.17 123.97 OK
r-devel-linux-x86_64-debian-gcc 1.0.3 43.90 52.46 96.36 OK
r-devel-linux-x86_64-fedora-clang 1.0.3 169.52 NOTE
r-devel-linux-x86_64-fedora-gcc 1.0.3 165.27 NOTE
r-devel-windows-ix86+x86_64 1.0.3 18.00 9.00 27.00 ERROR
r-patched-linux-x86_64 1.0.3 47.51 62.51 110.02 OK
r-patched-solaris-x86 1.0.3 178.50 NOTE
r-release-linux-x86_64 1.0.3 46.84 62.58 109.42 OK
r-release-windows-ix86+x86_64 1.0.3 114.00 150.00 264.00 NOTE
r-release-osx-x86_64 1.0.3 NOTE
r-oldrel-windows-ix86+x86_64 1.0.3 150.00 96.00 246.00 NOTE
r-oldrel-osx-x86_64 1.0.3 NOTE

Check Details

Version: 1.0.3
Check: installed package size
Result: NOTE
     installed size is 14.2Mb
     sub-directories of 1Mb or more:
     doc 1.0Mb
     include 6.4Mb
     libs 4.8Mb
Flavors: r-devel-linux-x86_64-fedora-clang, r-patched-solaris-x86, r-release-windows-ix86+x86_64, r-release-osx-x86_64, r-oldrel-windows-ix86+x86_64, r-oldrel-osx-x86_64

Version: 1.0.3
Check: foreign function calls
Result: NOTE
    Registration problem:
     symbol ‘symbol’ in the local frame:
     .Call(symbol)
    See chapter ‘System and foreign language interfaces’ in the ‘Writing R
    Extensions’ manual.
Flavors: r-devel-linux-x86_64-fedora-clang, r-devel-linux-x86_64-fedora-gcc

Version: 1.0.3
Check: whether package can be installed
Result: ERROR
    Installation failed.
Flavor: r-devel-windows-ix86+x86_64