CRAN Package Check Results for Package RcppAlgos

Last updated on 2020-07-02 02:09:58 CEST.

Flavor Version Tinstall Tcheck Ttotal Status Flags
r-devel-linux-x86_64-debian-clang 2.4.1 413.49 92.17 505.66 OK
r-devel-linux-x86_64-debian-gcc 2.4.1 306.73 70.59 377.32 OK
r-devel-linux-x86_64-fedora-clang 2.4.1 720.39 NOTE
r-devel-linux-x86_64-fedora-gcc 2.4.1 638.64 OK
r-devel-windows-ix86+x86_64 2.4.1 933.00 189.00 1122.00 NOTE
r-patched-linux-x86_64 2.4.1 306.69 91.49 398.18 OK
r-patched-solaris-x86 2.4.1 549.40 OK
r-release-linux-x86_64 2.4.1 304.97 91.44 396.41 OK
r-release-osx-x86_64 2.4.1 NOTE
r-release-windows-ix86+x86_64 2.4.1 714.00 178.00 892.00 NOTE
r-oldrel-osx-x86_64 2.4.1 NOTE
r-oldrel-windows-ix86+x86_64 2.4.1 744.00 234.00 978.00 NOTE

Check Details

Version: 2.4.1
Check: installed package size
Result: NOTE
     installed size is 28.2Mb
     sub-directories of 1Mb or more:
     libs 27.0Mb
Flavors: r-devel-linux-x86_64-fedora-clang, r-devel-windows-ix86+x86_64, r-release-osx-x86_64, r-release-windows-ix86+x86_64, r-oldrel-osx-x86_64, r-oldrel-windows-ix86+x86_64