CRAN Package Check Results for Package RcppAlgos

Last updated on 2019-12-15 01:50:36 CET.

Flavor Version Tinstall Tcheck Ttotal Status Flags
r-devel-linux-x86_64-debian-clang 2.3.4 121.01 69.99 191.00 OK
r-devel-linux-x86_64-debian-gcc 2.3.4 94.31 54.05 148.36 OK
r-devel-linux-x86_64-fedora-clang 2.3.4 273.94 NOTE
r-devel-linux-x86_64-fedora-gcc 2.3.4 274.55 OK
r-devel-windows-ix86+x86_64 2.3.4 216.00 198.00 414.00 OK
r-devel-windows-ix86+x86_64-gcc8 2.3.4 225.00 200.00 425.00 OK
r-patched-linux-x86_64 2.3.4 91.91 63.95 155.86 OK
r-patched-solaris-x86 2.3.4 258.40 OK
r-release-linux-x86_64 2.3.4 91.96 63.64 155.60 OK
r-release-windows-ix86+x86_64 2.3.4 213.00 157.00 370.00 OK
r-release-osx-x86_64 2.3.4 NOTE
r-oldrel-windows-ix86+x86_64 2.3.4 212.00 150.00 362.00 OK
r-oldrel-osx-x86_64 2.3.4 NOTE

Check Details

Version: 2.3.4
Check: installed package size
Result: NOTE
     installed size is 10.8Mb
     sub-directories of 1Mb or more:
     libs 10.4Mb
Flavors: r-devel-linux-x86_64-fedora-clang, r-release-osx-x86_64, r-oldrel-osx-x86_64