CRAN Package Check Results for Package RcppClassic

Last updated on 2020-07-15 01:48:41 CEST.

Flavor Version Tinstall Tcheck Ttotal Status Flags
r-devel-linux-x86_64-debian-clang 0.9.12 88.00 27.31 115.31 OK
r-devel-linux-x86_64-debian-gcc 0.9.12 61.28 21.88 83.16 OK
r-devel-linux-x86_64-fedora-clang 0.9.12 181.32 NOTE
r-devel-linux-x86_64-fedora-gcc 0.9.12 149.86 OK
r-devel-windows-ix86+x86_64 0.9.12 229.00 211.00 440.00 OK
r-patched-linux-x86_64 0.9.12 61.40 27.39 88.79 OK
r-patched-solaris-x86 0.9.12 199.50 OK
r-release-linux-x86_64 0.9.12 62.11 26.89 89.00 OK
r-release-macos-x86_64 0.9.12 ERROR
r-release-windows-ix86+x86_64 0.9.12 234.00 151.00 385.00 OK
r-oldrel-macos-x86_64 0.9.12 WARN
r-oldrel-windows-ix86+x86_64 0.9.12 196.00 188.00 384.00 OK

Check Details

Version: 0.9.12
Check: installed package size
Result: NOTE
     installed size is 7.0Mb
     sub-directories of 1Mb or more:
     lib 5.0Mb
     libs 1.6Mb
Flavor: r-devel-linux-x86_64-fedora-clang

Version: 0.9.12
Check: whether package can be installed
Result: ERROR
    Installation failed.
Flavor: r-release-macos-x86_64

Version: 0.9.12
Check: whether package can be installed
Result: WARN
    Found the following significant warnings:
     WARNING: shared objects/dynamic libraries with hard-coded temporary installation paths
Flavor: r-oldrel-macos-x86_64