Last updated on 2023-02-06 00:52:40 CET.
Flavor | Version | Tinstall | Tcheck | Ttotal | Status | Flags |
---|---|---|---|---|---|---|
r-devel-linux-x86_64-debian-clang | 0.1.7 | 56.00 | 46.64 | 102.64 | NOTE | |
r-devel-linux-x86_64-debian-gcc | 0.1.7 | 45.12 | 37.21 | 82.33 | NOTE | |
r-devel-linux-x86_64-fedora-clang | 0.1.7 | 156.01 | NOTE | |||
r-devel-linux-x86_64-fedora-gcc | 0.1.7 | 151.90 | NOTE | |||
r-devel-windows-x86_64 | 0.1.7 | 54.00 | 120.00 | 174.00 | NOTE | |
r-patched-linux-x86_64 | 0.1.7 | 48.82 | 45.43 | 94.25 | OK | |
r-release-linux-x86_64 | 0.1.7 | 53.50 | 46.92 | 100.42 | OK | |
r-release-macos-arm64 | 0.1.7 | 46.00 | OK | |||
r-release-macos-x86_64 | 0.1.7 | 58.00 | OK | |||
r-release-windows-x86_64 | 0.1.7 | 56.00 | 129.00 | 185.00 | OK | |
r-oldrel-macos-arm64 | 0.1.7 | 43.00 | OK | |||
r-oldrel-macos-x86_64 | 0.1.7 | 59.00 | OK | |||
r-oldrel-windows-ix86+x86_64 | 0.1.7 | 150.00 | 127.00 | 277.00 | OK |
Version: 0.1.7
Check: C++ specification
Result: NOTE
Specified C++11: please update to current default of C++17
Flavors: r-devel-linux-x86_64-debian-clang, r-devel-linux-x86_64-debian-gcc, r-devel-linux-x86_64-fedora-clang, r-devel-linux-x86_64-fedora-gcc, r-devel-windows-x86_64