CRAN Package Check Results for Package RcppEigenAD

Last updated on 2020-07-03 01:49:12 CEST.

Flavor Version Tinstall Tcheck Ttotal Status Flags
r-devel-linux-x86_64-debian-clang 1.0.0 29.70 35.41 65.11 OK
r-devel-linux-x86_64-debian-gcc 1.0.0 17.60 27.76 45.36 OK
r-devel-linux-x86_64-fedora-clang 1.0.0 88.62 NOTE
r-devel-linux-x86_64-fedora-gcc 1.0.0 75.03 NOTE
r-devel-windows-ix86+x86_64 1.0.0 71.00 104.00 175.00 OK
r-patched-linux-x86_64 1.0.0 19.32 34.94 54.26 OK
r-patched-solaris-x86 1.0.0 94.20 NOTE
r-release-linux-x86_64 1.0.0 21.60 34.99 56.59 OK
r-release-osx-x86_64 1.0.0 NOTE
r-release-windows-ix86+x86_64 1.0.0 63.00 84.00 147.00 OK
r-oldrel-osx-x86_64 1.0.0 NOTE
r-oldrel-windows-ix86+x86_64 1.0.0 63.00 102.00 165.00 OK

Check Details

Version: 1.0.0
Check: dependencies in R code
Result: NOTE
    Namespace in Imports field not imported from: ‘RcppEigen’
     All declared Imports should be used.
Flavors: r-devel-linux-x86_64-fedora-clang, r-devel-linux-x86_64-fedora-gcc, r-patched-solaris-x86, r-release-osx-x86_64, r-oldrel-osx-x86_64