CRAN Package Check Results for Package RcppEigenAD

Last updated on 2019-12-07 00:53:45 CET.

Flavor Version Tinstall Tcheck Ttotal Status Flags
r-devel-linux-x86_64-debian-clang 1.0.0 22.69 34.03 56.72 OK
r-devel-linux-x86_64-debian-gcc 1.0.0 17.24 26.53 43.77 OK
r-devel-linux-x86_64-fedora-clang 1.0.0 70.96 NOTE
r-devel-linux-x86_64-fedora-gcc 1.0.0 68.86 NOTE
r-devel-windows-ix86+x86_64 1.0.0 53.00 110.00 163.00 OK
r-devel-windows-ix86+x86_64-gcc8 1.0.0 58.00 78.00 136.00 OK
r-patched-linux-x86_64 1.0.0 20.99 30.85 51.84 OK
r-patched-solaris-x86 1.0.0 94.80 NOTE
r-release-linux-x86_64 1.0.0 18.24 30.53 48.77 OK
r-release-windows-ix86+x86_64 1.0.0 52.00 75.00 127.00 OK
r-release-osx-x86_64 1.0.0 NOTE
r-oldrel-windows-ix86+x86_64 1.0.0 39.00 73.00 112.00 OK
r-oldrel-osx-x86_64 1.0.0 NOTE

Check Details

Version: 1.0.0
Check: dependencies in R code
Result: NOTE
    Namespace in Imports field not imported from: ‘RcppEigen’
     All declared Imports should be used.
Flavors: r-devel-linux-x86_64-fedora-clang, r-devel-linux-x86_64-fedora-gcc, r-patched-solaris-x86, r-release-osx-x86_64, r-oldrel-osx-x86_64