Last updated on 2023-06-07 06:57:57 CEST.
Flavor | Version | Tinstall | Tcheck | Ttotal | Status | Flags |
---|---|---|---|---|---|---|
r-devel-linux-x86_64-debian-clang | 1.0.0 | 29.76 | 50.57 | 80.33 | NOTE | |
r-devel-linux-x86_64-debian-gcc | 1.0.0 | 19.97 | 38.97 | 58.94 | NOTE | |
r-devel-linux-x86_64-fedora-clang | 1.0.0 | 107.36 | NOTE | |||
r-devel-linux-x86_64-fedora-gcc | 1.0.0 | 101.29 | NOTE | |||
r-devel-windows-x86_64 | 1.0.0 | 28.00 | 82.00 | 110.00 | NOTE | |
r-patched-linux-x86_64 | 1.0.0 | 23.17 | 48.21 | 71.38 | NOTE | |
r-release-linux-x86_64 | 1.0.0 | 16.85 | 48.69 | 65.54 | NOTE | |
r-release-macos-arm64 | 1.0.0 | 32.00 | NOTE | |||
r-release-macos-x86_64 | 1.0.0 | 52.00 | NOTE | |||
r-release-windows-x86_64 | 1.0.0 | 33.00 | 91.00 | 124.00 | NOTE | |
r-oldrel-macos-arm64 | 1.0.0 | 32.00 | NOTE | |||
r-oldrel-macos-x86_64 | 1.0.0 | 53.00 | NOTE | |||
r-oldrel-windows-x86_64 | 1.0.0 | 32.00 | 83.00 | 115.00 | OK |
Version: 1.0.0
Check: C++ specification
Result: NOTE
Specified C++11: please drop specification unless essential
Flavors: r-devel-linux-x86_64-debian-clang, r-devel-linux-x86_64-debian-gcc, r-devel-linux-x86_64-fedora-clang, r-devel-linux-x86_64-fedora-gcc, r-devel-windows-x86_64, r-patched-linux-x86_64, r-release-linux-x86_64, r-release-macos-arm64, r-release-macos-x86_64, r-release-windows-x86_64
Version: 1.0.0
Check: dependencies in R code
Result: NOTE
Namespace in Imports field not imported from: ‘RcppEigen’
All declared Imports should be used.
Flavors: r-devel-linux-x86_64-fedora-clang, r-devel-linux-x86_64-fedora-gcc, r-oldrel-macos-arm64, r-oldrel-macos-x86_64