CRAN Package Check Results for Package RcppGetconf

Last updated on 2020-09-20 01:50:17 CEST.

Flavor Version Tinstall Tcheck Ttotal Status Flags
r-devel-linux-x86_64-debian-clang 0.0.3 20.82 23.08 43.90 OK
r-devel-linux-x86_64-debian-gcc 0.0.3 15.17 18.13 33.30 OK
r-devel-linux-x86_64-fedora-clang 0.0.3 65.47 NOTE
r-devel-linux-x86_64-fedora-gcc 0.0.3 54.40 NOTE
r-patched-linux-x86_64 0.0.3 13.49 22.47 35.96 OK
r-patched-solaris-x86 0.0.3 66.70 OK
r-release-linux-x86_64 0.0.3 16.46 22.79 39.25 OK
r-release-macos-x86_64 0.0.3 OK
r-oldrel-macos-x86_64 0.0.3 OK

Check Details

Version: 0.0.3
Check: top-level files
Result: NOTE
    ‘configure’: /bin/bash is not portable
Flavors: r-devel-linux-x86_64-fedora-clang, r-devel-linux-x86_64-fedora-gcc