CRAN Package Check Results for Package RcppHMM

Last updated on 2020-07-11 02:09:31 CEST.

Flavor Version Tinstall Tcheck Ttotal Status Flags
r-devel-linux-x86_64-debian-clang 1.2.2 95.81 26.97 122.78 OK
r-devel-linux-x86_64-debian-gcc 1.2.2 74.23 21.30 95.53 OK
r-devel-linux-x86_64-fedora-clang 1.2.2 181.51 NOTE
r-devel-linux-x86_64-fedora-gcc 1.2.2 160.45 OK
r-devel-windows-ix86+x86_64 1.2.2 237.00 89.00 326.00 OK
r-patched-linux-x86_64 1.2.2 81.10 27.10 108.20 OK
r-patched-solaris-x86 1.2.2 157.80 OK
r-release-linux-x86_64 1.2.2 77.34 26.71 104.05 OK
r-release-osx-x86_64 1.2.2 NOTE
r-release-windows-ix86+x86_64 1.2.2 172.00 94.00 266.00 OK
r-oldrel-osx-x86_64 1.2.2 OK
r-oldrel-windows-ix86+x86_64 1.2.2 216.00 84.00 300.00 OK

Check Details

Version: 1.2.2
Check: installed package size
Result: NOTE
     installed size is 5.8Mb
     sub-directories of 1Mb or more:
     libs 5.7Mb
Flavors: r-devel-linux-x86_64-fedora-clang, r-release-osx-x86_64