CRAN Package Check Results for Package RcppHNSW

Last updated on 2020-08-12 01:47:11 CEST.

Flavor Version Tinstall Tcheck Ttotal Status Flags
r-devel-linux-x86_64-debian-clang 0.2.0 38.08 44.62 82.70 OK
r-devel-linux-x86_64-debian-gcc 0.2.0 29.67 33.84 63.51 OK
r-devel-linux-x86_64-fedora-clang 0.2.0 111.32 NOTE
r-devel-linux-x86_64-fedora-gcc 0.2.0 101.03 OK
r-devel-windows-ix86+x86_64 0.2.0 86.00 110.00 196.00 OK
r-patched-linux-x86_64 0.2.0 30.20 43.82 74.02 OK
r-patched-solaris-x86 0.2.0 113.80 OK
r-release-linux-x86_64 0.2.0 31.84 43.86 75.70 OK
r-release-macos-x86_64 0.2.0 NOTE
r-release-windows-ix86+x86_64 0.2.0 63.00 124.00 187.00 OK
r-oldrel-macos-x86_64 0.2.0 NOTE
r-oldrel-windows-ix86+x86_64 0.2.0 62.00 110.00 172.00 OK

Check Details

Version: 0.2.0
Check: installed package size
Result: NOTE
     installed size is 5.0Mb
     sub-directories of 1Mb or more:
     libs 4.7Mb
Flavors: r-devel-linux-x86_64-fedora-clang, r-release-macos-x86_64, r-oldrel-macos-x86_64