CRAN Package Check Results for Package RcppParallel

Last updated on 2020-06-05 01:50:12 CEST.

Flavor Version Tinstall Tcheck Ttotal Status Flags
r-devel-linux-x86_64-debian-clang 5.0.1 38.35 73.41 111.76 NOTE
r-devel-linux-x86_64-debian-gcc 5.0.1 56.27 50.70 106.97 NOTE
r-devel-linux-x86_64-fedora-clang 5.0.1 167.41 NOTE
r-devel-linux-x86_64-fedora-gcc 5.0.1 166.76 NOTE
r-devel-windows-ix86+x86_64 5.0.1 339.00 138.00 477.00 NOTE
r-patched-linux-x86_64 5.0.1 58.15 59.50 117.65 NOTE
r-patched-solaris-x86 5.0.1 201.80 NOTE
r-release-linux-x86_64 5.0.1 57.81 59.27 117.08 NOTE
r-release-osx-x86_64 5.0.1 NOTE
r-release-windows-ix86+x86_64 5.0.1 274.00 150.00 424.00 NOTE
r-oldrel-osx-x86_64 5.0.1 NOTE
r-oldrel-windows-ix86+x86_64 5.0.1 304.00 193.00 497.00 NOTE

Check Details

Version: 5.0.1
Check: for GNU extensions in Makefiles
Result: NOTE
    GNU make is a SystemRequirements.
Flavors: r-devel-linux-x86_64-debian-clang, r-devel-linux-x86_64-debian-gcc, r-devel-linux-x86_64-fedora-clang, r-devel-linux-x86_64-fedora-gcc, r-devel-windows-ix86+x86_64, r-patched-linux-x86_64, r-patched-solaris-x86, r-release-linux-x86_64, r-release-osx-x86_64, r-release-windows-ix86+x86_64, r-oldrel-osx-x86_64, r-oldrel-windows-ix86+x86_64

Version: 5.0.1
Check: installed package size
Result: NOTE
     installed size is 5.3Mb
     sub-directories of 1Mb or more:
     include 1.9Mb
     lib 3.1Mb
Flavors: r-devel-linux-x86_64-fedora-clang, r-devel-windows-ix86+x86_64, r-release-windows-ix86+x86_64, r-oldrel-windows-ix86+x86_64