CRAN Package Check Results for Package RcppParallel

Last updated on 2024-02-27 07:54:57 CET.

Flavor Version Tinstall Tcheck Ttotal Status Flags
r-devel-linux-x86_64-debian-clang 5.1.7 57.28 84.38 141.66 NOTE
r-devel-linux-x86_64-debian-gcc 5.1.7 38.43 60.20 98.63 NOTE
r-devel-linux-x86_64-fedora-clang 5.1.7 232.83 NOTE
r-devel-linux-x86_64-fedora-gcc 5.1.7 203.03 NOTE
r-devel-windows-x86_64 5.1.7 134.00 106.00 240.00 NOTE
r-patched-linux-x86_64 5.1.7 53.74 83.15 136.89 NOTE
r-release-linux-x86_64 5.1.7 54.90 83.38 138.28 NOTE
r-release-macos-arm64 5.1.7 56.00 NOTE
r-release-macos-x86_64 5.1.7 62.00 NOTE
r-release-windows-x86_64 5.1.7 143.00 116.00 259.00 NOTE
r-oldrel-macos-arm64 5.1.7 55.00 NOTE
r-oldrel-windows-x86_64 5.1.7 133.00 106.00 239.00 NOTE

Check Details

Version: 5.1.7
Check: for GNU extensions in Makefiles
Result: NOTE GNU make is a SystemRequirements. Flavors: r-devel-linux-x86_64-debian-clang, r-devel-linux-x86_64-debian-gcc, r-devel-linux-x86_64-fedora-clang, r-devel-linux-x86_64-fedora-gcc, r-devel-windows-x86_64, r-patched-linux-x86_64, r-release-linux-x86_64, r-release-macos-arm64, r-release-macos-x86_64, r-release-windows-x86_64, r-oldrel-macos-arm64, r-oldrel-windows-x86_64