CRAN Package Check Results for Package RcppQuantuccia

Last updated on 2023-02-06 00:52:40 CET.

Flavor Version Tinstall Tcheck Ttotal Status Flags
r-devel-linux-x86_64-debian-clang 0.1.1 175.78 29.60 205.38 NOTE
r-devel-linux-x86_64-debian-gcc 0.1.1 150.17 23.09 173.26 NOTE
r-devel-linux-x86_64-fedora-clang 0.1.1 378.01 NOTE
r-devel-linux-x86_64-fedora-gcc 0.1.1 279.76 NOTE
r-devel-windows-x86_64 0.1.1 231.00 110.00 341.00 NOTE
r-patched-linux-x86_64 0.1.1 160.62 29.41 190.03 OK
r-release-linux-x86_64 0.1.1 151.26 29.38 180.64 OK
r-release-macos-arm64 0.1.1 78.00 NOTE
r-release-macos-x86_64 0.1.1 102.00 NOTE
r-release-windows-x86_64 0.1.1 231.00 102.00 333.00 OK
r-oldrel-macos-arm64 0.1.1 76.00 NOTE
r-oldrel-macos-x86_64 0.1.1 112.00 NOTE
r-oldrel-windows-ix86+x86_64 0.1.1 469.00 118.00 587.00 OK

Check Details

Version: 0.1.1
Check: C++ specification
Result: NOTE
     Specified C++14: please update to current default of C++17
Flavors: r-devel-linux-x86_64-debian-clang, r-devel-linux-x86_64-debian-gcc, r-devel-linux-x86_64-fedora-clang, r-devel-linux-x86_64-fedora-gcc, r-devel-windows-x86_64

Version: 0.1.1
Check: installed package size
Result: NOTE
     installed size is 9.1Mb
     sub-directories of 1Mb or more:
     libs 9.0Mb
Flavors: r-release-macos-arm64, r-release-macos-x86_64, r-oldrel-macos-arm64, r-oldrel-macos-x86_64