CRAN Package Check Results for Package RcppSMC

Last updated on 2020-08-09 01:48:38 CEST.

Flavor Version Tinstall Tcheck Ttotal Status Flags
r-devel-linux-x86_64-debian-clang 0.2.1 122.92 31.34 154.26 NOTE
r-devel-linux-x86_64-debian-gcc 0.2.1 101.74 23.52 125.26 NOTE
r-devel-linux-x86_64-fedora-clang 0.2.1 236.39 NOTE
r-devel-linux-x86_64-fedora-gcc 0.2.1 213.38 NOTE
r-devel-windows-ix86+x86_64 0.2.1 314.00 96.00 410.00 NOTE
r-patched-linux-x86_64 0.2.1 112.92 29.50 142.42 NOTE
r-patched-solaris-x86 0.2.1 197.60 NOTE
r-release-linux-x86_64 0.2.1 103.59 29.51 133.10 NOTE
r-release-macos-x86_64 0.2.1 NOTE
r-release-windows-ix86+x86_64 0.2.1 318.00 78.00 396.00 NOTE
r-oldrel-macos-x86_64 0.2.1 NOTE
r-oldrel-windows-ix86+x86_64 0.2.1 208.00 88.00 296.00 NOTE

Check Details

Version: 0.2.1
Check: line endings in C/C++/Fortran sources/headers
Result: NOTE
    Found the following sources/headers not terminated with a newline:
     inst/include/pflineart.h
    Some compilers warn on such files.
Flavors: r-devel-linux-x86_64-debian-clang, r-devel-linux-x86_64-debian-gcc, r-devel-linux-x86_64-fedora-clang, r-devel-linux-x86_64-fedora-gcc, r-devel-windows-ix86+x86_64, r-patched-linux-x86_64, r-patched-solaris-x86, r-release-linux-x86_64, r-release-macos-x86_64, r-release-windows-ix86+x86_64, r-oldrel-macos-x86_64, r-oldrel-windows-ix86+x86_64

Version: 0.2.1
Check: installed package size
Result: NOTE
     installed size is 7.3Mb
     sub-directories of 1Mb or more:
     libs 7.0Mb
Flavors: r-devel-linux-x86_64-fedora-clang, r-release-macos-x86_64, r-oldrel-macos-x86_64