CRAN Package Check Results for Package RcppSimdJson

Last updated on 2024-02-26 08:48:55 CET.

Flavor Version Tinstall Tcheck Ttotal Status Flags
r-devel-linux-x86_64-debian-clang 0.1.11 147.37 47.29 194.66 OK
r-devel-linux-x86_64-debian-gcc 0.1.11 121.47 37.47 158.94 OK
r-devel-linux-x86_64-fedora-clang 0.1.11 234.41 NOTE
r-devel-linux-x86_64-fedora-gcc 0.1.11 280.81 OK
r-devel-windows-x86_64 0.1.11 99.00 96.00 195.00 NOTE
r-patched-linux-x86_64 0.1.11 146.03 49.09 195.12 OK
r-release-linux-x86_64 0.1.11 143.96 47.33 191.29 OK
r-release-macos-arm64 0.1.11 62.00 NOTE
r-release-macos-x86_64 0.1.11 131.00 NOTE
r-release-windows-x86_64 0.1.11 102.00 103.00 205.00 NOTE
r-oldrel-macos-arm64 0.1.11 62.00 NOTE
r-oldrel-windows-x86_64 0.1.11 123.00 99.00 222.00 NOTE

Check Details

Version: 0.1.11
Check: installed package size
Result: NOTE installed size is 7.9Mb sub-directories of 1Mb or more: include 2.0Mb jsonexamples 3.9Mb libs 1.7Mb Flavors: r-devel-linux-x86_64-fedora-clang, r-devel-windows-x86_64, r-release-macos-arm64, r-release-macos-x86_64, r-release-windows-x86_64, r-oldrel-macos-arm64, r-oldrel-windows-x86_64