CRAN Package Check Results for Package RcppTOML

Last updated on 2020-09-19 00:50:14 CEST.

Flavor Version Tinstall Tcheck Ttotal Status Flags
r-devel-linux-x86_64-debian-clang 0.1.6 36.67 24.80 61.47 OK
r-devel-linux-x86_64-debian-gcc 0.1.6 29.38 19.67 49.05 OK
r-devel-linux-x86_64-fedora-clang 0.1.6 87.17 NOTE
r-devel-linux-x86_64-fedora-gcc 0.1.6 82.86 NOTE
r-devel-windows-ix86+x86_64 0.1.6 78.00 60.00 138.00 OK
r-patched-linux-x86_64 0.1.6 32.19 24.68 56.87 OK
r-patched-solaris-x86 0.1.6 89.00 OK
r-release-linux-x86_64 0.1.6 31.71 24.84 56.55 OK
r-release-macos-x86_64 0.1.6 OK
r-release-windows-ix86+x86_64 0.1.6 82.00 70.00 152.00 OK
r-oldrel-macos-x86_64 0.1.6 OK
r-oldrel-windows-ix86+x86_64 0.1.6 61.00 82.00 143.00 OK

Check Details

Version: 0.1.6
Check: top-level files
Result: NOTE
    ‘cleanup’: /bin/bash is not portable
Flavors: r-devel-linux-x86_64-fedora-clang, r-devel-linux-x86_64-fedora-gcc