CRAN Package Check Results for Package RcppTOML

Last updated on 2020-07-03 01:49:12 CEST.

Flavor Version Tinstall Tcheck Ttotal Status Flags
r-devel-linux-x86_64-debian-clang 0.1.6 36.63 24.75 61.38 OK
r-devel-linux-x86_64-debian-gcc 0.1.6 29.92 19.75 49.67 OK
r-devel-linux-x86_64-fedora-clang 0.1.6 85.15 NOTE
r-devel-linux-x86_64-fedora-gcc 0.1.6 77.16 NOTE
r-devel-windows-ix86+x86_64 0.1.6 85.00 87.00 172.00 OK
r-patched-linux-x86_64 0.1.6 30.30 24.83 55.13 OK
r-patched-solaris-x86 0.1.6 89.00 OK
r-release-linux-x86_64 0.1.6 33.04 24.81 57.85 OK
r-release-osx-x86_64 0.1.6 OK
r-release-windows-ix86+x86_64 0.1.6 71.00 67.00 138.00 OK
r-oldrel-osx-x86_64 0.1.6 OK
r-oldrel-windows-ix86+x86_64 0.1.6 69.00 82.00 151.00 OK

Check Details

Version: 0.1.6
Check: top-level files
Result: NOTE
    ‘cleanup’: /bin/bash is not portable
Flavors: r-devel-linux-x86_64-fedora-clang, r-devel-linux-x86_64-fedora-gcc