CRAN Package Check Results for Package RcppTOML

Last updated on 2019-12-06 00:50:08 CET.

Flavor Version Tinstall Tcheck Ttotal Status Flags
r-devel-linux-x86_64-debian-clang 0.1.6 33.68 24.05 57.73 OK
r-devel-linux-x86_64-debian-gcc 0.1.6 27.02 19.17 46.19 OK
r-devel-linux-x86_64-fedora-clang 0.1.6 71.16 NOTE
r-devel-linux-x86_64-fedora-gcc 0.1.6 77.15 NOTE
r-devel-windows-ix86+x86_64 0.1.6 69.00 79.00 148.00 OK
r-devel-windows-ix86+x86_64-gcc8 0.1.6 69.00 66.00 135.00 OK
r-patched-linux-x86_64 0.1.6 27.05 22.42 49.47 OK
r-patched-solaris-x86 0.1.6 84.80 OK
r-release-linux-x86_64 0.1.6 28.09 22.11 50.20 OK
r-release-windows-ix86+x86_64 0.1.6 90.00 64.00 154.00 OK
r-release-osx-x86_64 0.1.6 OK
r-oldrel-windows-ix86+x86_64 0.1.6 66.00 89.00 155.00 OK
r-oldrel-osx-x86_64 0.1.6 OK

Check Details

Version: 0.1.6
Check: top-level files
Result: NOTE
    ‘cleanup’: /bin/bash is not portable
Flavors: r-devel-linux-x86_64-fedora-clang, r-devel-linux-x86_64-fedora-gcc