Last updated on 2022-06-30 01:49:17 CEST.
Flavor | Version | Tinstall | Tcheck | Ttotal | Status | Flags |
---|---|---|---|---|---|---|
r-devel-linux-x86_64-debian-clang | 0.0.4 | 13.95 | 31.75 | 45.70 | NOTE | |
r-devel-linux-x86_64-debian-gcc | 0.0.4 | 10.05 | 24.55 | 34.60 | NOTE | |
r-devel-linux-x86_64-fedora-clang | 0.0.4 | 68.14 | NOTE | |||
r-devel-linux-x86_64-fedora-gcc | 0.0.4 | 66.65 | NOTE | |||
r-devel-windows-x86_64 | 0.0.4 | 21.00 | 76.00 | 97.00 | NOTE | |
r-patched-linux-x86_64 | 0.0.4 | 12.31 | 31.16 | 43.47 | NOTE | |
r-release-linux-x86_64 | 0.0.4 | 13.53 | 30.38 | 43.91 | NOTE | |
r-release-macos-arm64 | 0.0.4 | 22.00 | NOTE | |||
r-release-macos-x86_64 | 0.0.4 | 30.00 | NOTE | |||
r-release-windows-x86_64 | 0.0.4 | 20.00 | 77.00 | 97.00 | NOTE | |
r-oldrel-macos-arm64 | 0.0.4 | 25.00 | NOTE | |||
r-oldrel-macos-x86_64 | 0.0.4 | 35.00 | NOTE | |||
r-oldrel-windows-ix86+x86_64 | 0.0.4 | 38.00 | 97.00 | 135.00 | NOTE |
Version: 0.0.4
Check: dependencies in R code
Result: NOTE
Package in Depends field not imported from: 'methods'
These packages need to be imported from (in the NAMESPACE file)
for when this namespace is loaded but not attached.
Flavors: r-devel-linux-x86_64-debian-clang, r-devel-linux-x86_64-debian-gcc, r-devel-linux-x86_64-fedora-clang, r-devel-linux-x86_64-fedora-gcc, r-devel-windows-x86_64, r-patched-linux-x86_64, r-release-linux-x86_64, r-release-macos-arm64, r-release-macos-x86_64, r-release-windows-x86_64, r-oldrel-macos-arm64, r-oldrel-macos-x86_64, r-oldrel-windows-ix86+x86_64
Version: 0.0.4
Check: compiled code
Result: NOTE
File ‘RcppXts/libs/RcppXts.so’:
Found no calls to: ‘R_registerRoutines’, ‘R_useDynamicSymbols’
It is good practice to register native routines and to disable symbol
search.
See ‘Writing portable packages’ in the ‘Writing R Extensions’ manual.
Flavors: r-devel-linux-x86_64-fedora-clang, r-devel-linux-x86_64-fedora-gcc