CRAN Package Check Results for Package RcppZiggurat

Last updated on 2020-06-03 01:50:55 CEST.

Flavor Version Tinstall Tcheck Ttotal Status Flags
r-devel-linux-x86_64-debian-clang 0.1.5 23.09 38.09 61.18 OK
r-devel-linux-x86_64-debian-gcc 0.1.5 18.87 30.14 49.01 OK
r-devel-linux-x86_64-fedora-clang 0.1.5 87.51 NOTE
r-devel-linux-x86_64-fedora-gcc 0.1.5 74.55 NOTE
r-devel-windows-ix86+x86_64 0.1.5 62.00 110.00 172.00 OK
r-patched-linux-x86_64 0.1.5 18.24 38.32 56.56 OK
r-patched-solaris-x86 0.1.5 94.70 OK
r-release-linux-x86_64 0.1.5 19.37 38.05 57.42 OK
r-release-osx-x86_64 0.1.5 OK
r-release-windows-ix86+x86_64 0.1.5 46.00 94.00 140.00 OK
r-oldrel-osx-x86_64 0.1.5 OK
r-oldrel-windows-ix86+x86_64 0.1.5 64.00 86.00 150.00 OK

Additional issues

LTO

Check Details

Version: 0.1.5
Check: top-level files
Result: NOTE
    ‘cleanup’: /bin/bash is not portable
Flavors: r-devel-linux-x86_64-fedora-clang, r-devel-linux-x86_64-fedora-gcc