CRAN Package Check Results for Package Rcrawler

Last updated on 2023-09-24 08:58:27 CEST.

Flavor Version Tinstall Tcheck Ttotal Status Flags
r-devel-linux-x86_64-debian-clang 0.1.9-1 6.61 51.52 58.13 NOTE
r-devel-linux-x86_64-debian-gcc 0.1.9-1 5.17 37.60 42.77 NOTE
r-devel-linux-x86_64-fedora-clang 0.1.9-1 69.94 NOTE
r-devel-linux-x86_64-fedora-gcc 0.1.9-1 73.94 NOTE
r-devel-windows-x86_64 0.1.9-1 8.00 58.00 66.00 NOTE
r-patched-linux-x86_64 0.1.9-1 7.14 49.02 56.16 NOTE
r-release-linux-x86_64 0.1.9-1 6.84 48.97 55.81 NOTE
r-release-macos-arm64 0.1.9-1 23.00 NOTE
r-release-macos-x86_64 0.1.9-1 37.00 NOTE
r-release-windows-x86_64 0.1.9-1 10.00 65.00 75.00 NOTE
r-oldrel-macos-arm64 0.1.9-1 20.00 NOTE
r-oldrel-macos-x86_64 0.1.9-1 31.00 NOTE
r-oldrel-windows-x86_64 0.1.9-1 11.00 65.00 76.00 NOTE

Check Details

Version: 0.1.9-1
Check: LazyData
Result: NOTE
     'LazyData' is specified without a 'data' directory
Flavors: r-devel-linux-x86_64-debian-clang, r-devel-linux-x86_64-debian-gcc, r-devel-linux-x86_64-fedora-clang, r-devel-linux-x86_64-fedora-gcc, r-devel-windows-x86_64, r-patched-linux-x86_64, r-release-linux-x86_64, r-release-macos-arm64, r-release-macos-x86_64, r-release-windows-x86_64, r-oldrel-macos-arm64, r-oldrel-macos-x86_64, r-oldrel-windows-x86_64