CRAN Package Check Results for Package Rdtq

Last updated on 2019-12-07 00:53:45 CET.

Flavor Version Tinstall Tcheck Ttotal Status Flags
r-devel-linux-x86_64-debian-clang 0.1 22.18 92.60 114.78 NOTE
r-devel-linux-x86_64-debian-gcc 0.1 17.35 64.95 82.30 NOTE
r-devel-linux-x86_64-fedora-clang 0.1 134.25 NOTE
r-devel-linux-x86_64-fedora-gcc 0.1 127.73 NOTE
r-devel-windows-ix86+x86_64 0.1 41.00 210.00 251.00 OK
r-devel-windows-ix86+x86_64-gcc8 0.1 43.00 174.00 217.00 OK
r-patched-linux-x86_64 0.1 18.49 76.22 94.71 OK
r-patched-solaris-x86 0.1 193.20 OK
r-release-linux-x86_64 0.1 16.05 75.37 91.42 OK
r-release-windows-ix86+x86_64 0.1 54.00 137.00 191.00 OK
r-release-osx-x86_64 0.1 OK
r-oldrel-windows-ix86+x86_64 0.1 36.00 145.00 181.00 OK
r-oldrel-osx-x86_64 0.1 OK

Additional issues

clang-UBSAN

Check Details

Version: 0.1
Check: for non-standard things in the check directory
Result: NOTE
    Found the following files/directories:
     'example.pdf'
Flavors: r-devel-linux-x86_64-debian-clang, r-devel-linux-x86_64-debian-gcc, r-devel-linux-x86_64-fedora-clang, r-devel-linux-x86_64-fedora-gcc

Version: 0.1
Check: compiled code
Result: NOTE
    File ‘Rdtq/libs/Rdtq.so’:
     Found no calls to: ‘R_registerRoutines’, ‘R_useDynamicSymbols’
    
    It is good practice to register native routines and to disable symbol
    search.
    
    See ‘Writing portable packages’ in the ‘Writing R Extensions’ manual.
Flavors: r-devel-linux-x86_64-fedora-clang, r-devel-linux-x86_64-fedora-gcc