CRAN Package Check Results for Package Rdtq

Last updated on 2020-07-03 01:49:12 CEST.

Flavor Version Tinstall Tcheck Ttotal Status Flags
r-devel-linux-x86_64-debian-clang 0.1 21.93 97.47 119.40 NOTE
r-devel-linux-x86_64-debian-gcc 0.1 17.58 69.22 86.80 NOTE
r-devel-linux-x86_64-fedora-clang 0.1 154.73 NOTE
r-devel-linux-x86_64-fedora-gcc 0.1 135.90 NOTE
r-devel-windows-ix86+x86_64 0.1 62.00 215.00 277.00 OK
r-patched-linux-x86_64 0.1 18.85 84.87 103.72 NOTE
r-patched-solaris-x86 0.1 203.40 NOTE
r-release-linux-x86_64 0.1 20.71 84.40 105.11 NOTE
r-release-osx-x86_64 0.1 OK
r-release-windows-ix86+x86_64 0.1 50.00 163.00 213.00 OK
r-oldrel-osx-x86_64 0.1 OK
r-oldrel-windows-ix86+x86_64 0.1 44.00 211.00 255.00 OK

Additional issues

clang-UBSAN

Check Details

Version: 0.1
Check: for non-standard things in the check directory
Result: NOTE
    Found the following files/directories:
     'example.pdf'
Flavors: r-devel-linux-x86_64-debian-clang, r-devel-linux-x86_64-debian-gcc, r-devel-linux-x86_64-fedora-clang, r-devel-linux-x86_64-fedora-gcc, r-patched-linux-x86_64, r-patched-solaris-x86, r-release-linux-x86_64

Version: 0.1
Check: compiled code
Result: NOTE
    File ‘Rdtq/libs/Rdtq.so’:
     Found no calls to: ‘R_registerRoutines’, ‘R_useDynamicSymbols’
    
    It is good practice to register native routines and to disable symbol
    search.
    
    See ‘Writing portable packages’ in the ‘Writing R Extensions’ manual.
Flavors: r-devel-linux-x86_64-fedora-clang, r-devel-linux-x86_64-fedora-gcc