CRAN Package Check Results for Package ReIns

Last updated on 2022-11-27 00:55:52 CET.

Flavor Version Tinstall Tcheck Ttotal Status Flags
r-devel-linux-x86_64-debian-clang 1.0.10 76.85 209.98 286.83 OK
r-devel-linux-x86_64-debian-gcc 1.0.10 57.98 154.45 212.43 OK
r-devel-linux-x86_64-fedora-clang 1.0.10 372.00 OK
r-devel-linux-x86_64-fedora-gcc 1.0.10 353.71 OK
r-devel-windows-x86_64 1.0.10 119.00 319.00 438.00 OK
r-patched-linux-x86_64 1.0.10 OK
r-release-linux-x86_64 1.0.10 60.58 193.52 254.10 OK
r-release-macos-arm64 1.0.10 86.00 NOTE
r-release-macos-x86_64 1.0.10 118.00 OK
r-release-windows-x86_64 1.0.10 129.00 328.00 457.00 OK
r-oldrel-macos-arm64 1.0.10 103.00 NOTE
r-oldrel-macos-x86_64 1.0.10 169.00 OK
r-oldrel-windows-ix86+x86_64 1.0.10 159.00 351.00 510.00 OK

Check Details

Version: 1.0.10
Check: package dependencies
Result: NOTE
    Packages suggested but not available for checking: 'interval', 'Icens'
Flavors: r-release-macos-arm64, r-oldrel-macos-arm64

Version: 1.0.10
Check: Rd cross-references
Result: NOTE
    Package unavailable to check Rd xrefs: ‘interval’
Flavors: r-release-macos-arm64, r-oldrel-macos-arm64