CRAN Package Check Results for Package RecordLinkage

Last updated on 2021-09-26 01:50:03 CEST.

Flavor Version Tinstall Tcheck Ttotal Status Flags
r-devel-linux-x86_64-debian-clang 0.4-12.1 19.70 177.77 197.47 OK
r-devel-linux-x86_64-debian-gcc 0.4-12.1 16.45 128.25 144.70 OK
r-devel-linux-x86_64-fedora-clang 0.4-12.1 241.72 OK
r-devel-linux-x86_64-fedora-gcc 0.4-12.1 227.57 OK
r-devel-windows-x86_64 0.4-12.1 23.00 194.00 217.00 WARN
r-devel-windows-x86_64-gcc10-UCRT 0.4-12.1 WARN
r-patched-linux-x86_64 0.4-12.1 25.39 176.76 202.15 OK
r-patched-solaris-x86 0.4-12.1 385.70 OK
r-release-linux-x86_64 0.4-12.1 18.30 176.84 195.14 OK
r-release-macos-arm64 0.4-12.1 OK
r-release-macos-x86_64 0.4-12.1 OK
r-release-windows-ix86+x86_64 0.4-12.1 45.00 315.00 360.00 OK
r-oldrel-macos-x86_64 0.4-12.1 OK
r-oldrel-windows-ix86+x86_64 0.4-12.1 34.00 239.00 273.00 OK

Check Details

Version: 0.4-12.1
Check: whether package can be installed
Result: WARN
    Found the following significant warnings:
     Warning: 'memory.limit()' is no longer supported
Flavors: r-devel-windows-x86_64, r-devel-windows-x86_64-gcc10-UCRT