CRAN Package Check Results for Package RefManageR

Last updated on 2020-12-01 00:46:52 CET.

Flavor Version Tinstall Tcheck Ttotal Status Flags
r-devel-linux-x86_64-debian-clang 1.3.0 14.92 132.31 147.23 OK
r-devel-linux-x86_64-debian-gcc 1.3.0 9.17 102.34 111.51 OK
r-devel-linux-x86_64-fedora-clang 1.3.0 179.42 NOTE
r-devel-linux-x86_64-fedora-gcc 1.3.0 181.07 OK
r-devel-windows-ix86+x86_64 1.3.0 20.00 170.00 190.00 OK
r-patched-linux-x86_64 1.3.0 15.40 130.52 145.92 OK
r-patched-solaris-x86 1.3.0 227.60 OK
r-release-linux-x86_64 1.3.0 11.75 129.44 141.19 OK
r-release-macos-x86_64 1.3.0 OK
r-release-windows-ix86+x86_64 1.3.0 17.00 139.00 156.00 OK
r-oldrel-macos-x86_64 1.3.0 OK
r-oldrel-windows-ix86+x86_64 1.3.0 17.00 167.00 184.00 OK

Check Details

Version: 1.3.0
Check: package dependencies
Result: NOTE
    Suggests orphaned package: ‘bibtex’
Flavor: r-devel-linux-x86_64-fedora-clang