CRAN Package Check Results for Package Rfast

Last updated on 2022-12-08 01:52:21 CET.

Flavor Version Tinstall Tcheck Ttotal Status Flags
r-devel-linux-x86_64-debian-clang 2.0.6 1428.65 134.71 1563.36 NOTE
r-devel-linux-x86_64-debian-gcc 2.0.6 1060.77 101.02 1161.79 NOTE
r-devel-linux-x86_64-fedora-clang 2.0.6 2272.50 NOTE
r-devel-linux-x86_64-fedora-gcc 2.0.6 2033.90 NOTE
r-devel-windows-x86_64 2.0.6 1042.00 262.00 1304.00 NOTE
r-patched-linux-x86_64 2.0.6 1145.59 122.45 1268.04 OK
r-release-linux-x86_64 2.0.6 1130.17 122.70 1252.87 OK
r-release-macos-arm64 2.0.6 425.00 NOTE
r-release-macos-x86_64 2.0.6 510.00 NOTE
r-release-windows-x86_64 2.0.6 982.00 243.00 1225.00 NOTE
r-oldrel-macos-arm64 2.0.6 350.00 NOTE
r-oldrel-macos-x86_64 2.0.6 527.00 NOTE
r-oldrel-windows-ix86+x86_64 2.0.6 3285.00 226.00 3511.00 NOTE

Check Details

Version: 2.0.6
Check: Rd files
Result: NOTE
    checkRd: (-1) ancova1.Rd:42: Escaped LaTeX specials: \&
    checkRd: (-1) ancovas.Rd:42: Escaped LaTeX specials: \&
    checkRd: (-1) boot.ttest2.Rd:39: Escaped LaTeX specials: \&
    checkRd: (-1) colnormal.mle.Rd:72: Escaped LaTeX specials: \&
    checkRd: (-1) colnormal.mle.Rd:74: Escaped LaTeX specials: \&
    checkRd: (-1) colnormal.mle.Rd:77: Escaped LaTeX specials: \&
    checkRd: (-1) colrint.regbx.Rd:58: Escaped LaTeX specials: \&
    checkRd: (-1) colvarcomps.mom.Rd:69: Escaped LaTeX specials: \&
    checkRd: (-1) colvarcomps.mom.Rd:74: Escaped LaTeX specials: \&
    checkRd: (-1) ftest.Rd:90: Escaped LaTeX specials: \&
    checkRd: (-1) ftests.Rd:68: Escaped LaTeX specials: \&
    checkRd: (-1) gammamle.Rd:81: Escaped LaTeX specials: \&
    checkRd: (-1) gammamle.Rd:83: Escaped LaTeX specials: \&
    checkRd: (-1) gammamle.Rd:88: Escaped LaTeX specials: \&
    checkRd: (-1) rint.regbx.Rd:65: Escaped LaTeX specials: \&
    checkRd: (-1) rint.regs.Rd:57: Escaped LaTeX specials: \&
    checkRd: (-1) twoway.anovas.Rd:46: Escaped LaTeX specials: \&
    checkRd: (-1) varcomps.mom.Rd:66: Escaped LaTeX specials: \&
    checkRd: (-1) varcomps.mom.Rd:70: Escaped LaTeX specials: \&
    checkRd: (-1) vm.mle.Rd:60: Escaped LaTeX specials: \&
Flavors: r-devel-linux-x86_64-debian-clang, r-devel-linux-x86_64-debian-gcc, r-devel-linux-x86_64-fedora-clang, r-devel-linux-x86_64-fedora-gcc, r-devel-windows-x86_64

Version: 2.0.6
Check: installed package size
Result: NOTE
     installed size is 5.4Mb
     sub-directories of 1Mb or more:
     libs 4.1Mb
Flavors: r-devel-linux-x86_64-fedora-clang, r-devel-windows-x86_64, r-release-macos-arm64, r-release-macos-x86_64, r-release-windows-x86_64, r-oldrel-macos-arm64, r-oldrel-macos-x86_64, r-oldrel-windows-ix86+x86_64